{"id":29133,"date":"2025-07-22T15:30:59","date_gmt":"2025-07-22T12:30:59","guid":{"rendered":"https:\/\/bursadefnemetal.com\/?post_type=product&#038;p=29133"},"modified":"2025-08-05T16:12:14","modified_gmt":"2025-08-05T13:12:14","slug":"sinus-oluklu-sac-030-mm-875-300-cm","status":"publish","type":"product","link":"https:\/\/bursadefnemetal.com\/index.php\/urun\/sinus-oluklu-sac-030-mm-875-300-cm\/","title":{"rendered":"Sin\u00fcs Oluklu Sac  87,5 cm Galveniz"},"content":{"rendered":"\t\t<div data-elementor-type=\"wp-post\" data-elementor-id=\"29133\" class=\"elementor elementor-29133\">\n\t\t\t\t<div class=\"wd-negative-gap elementor-element elementor-element-997cfae e-flex e-con-boxed e-con e-parent\" data-id=\"997cfae\" data-element_type=\"container\">\n\t\t\t\t\t<div class=\"e-con-inner\">\n\t\t<div class=\"elementor-element elementor-element-67d4c92 e-con-full e-flex e-con e-child\" data-id=\"67d4c92\" data-element_type=\"container\">\n\t\t\t\t<div class=\"elementor-element elementor-element-ebb40a2 elementor-widget elementor-widget-wd_text_block\" data-id=\"ebb40a2\" data-element_type=\"widget\" data-widget_type=\"wd_text_block.default\">\n\t\t\t\t<div class=\"elementor-widget-container\">\n\t\t\t\t\t\t\t<div class=\"wd-text-block reset-last-child text-left\">\n\t\t\t\n\t\t\t<h3 data-start=\"232\" data-end=\"259\"><strong data-start=\"239\" data-end=\"259\">Genel \u00d6zellikler<\/strong><\/h3><ul><li data-start=\"258\" data-end=\"360\"><p data-start=\"260\" data-end=\"360\">Sin\u00fcs oluklu saclar, dalgal\u0131 (sin\u00fczoidal) formu sayesinde y\u00fcksek dayan\u0131m ve estetik g\u00f6r\u00fcn\u00fcm sunar.<\/p><\/li><li data-start=\"361\" data-end=\"444\"><p data-start=\"363\" data-end=\"444\">Genellikle galvanizli ya da boyal\u0131 (Ral renk kodlar\u0131yla) \u00e7elik sacdan \u00fcretilir.<\/p><\/li><li data-start=\"445\" data-end=\"514\"><p data-start=\"447\" data-end=\"514\">Kolay ta\u015f\u0131nabilir, h\u0131zl\u0131 uygulanabilir ve d\u00fc\u015f\u00fck bak\u0131m gerektirir.<\/p><\/li><li data-start=\"515\" data-end=\"590\"><p data-start=\"517\" data-end=\"590\">Hafif yap\u0131s\u0131 sayesinde \u00e7at\u0131 ve cephe sistemlerinde yap\u0131 y\u00fck\u00fcn\u00fc azalt\u0131r.<\/p><\/li><li data-start=\"591\" data-end=\"675\"><p data-start=\"593\" data-end=\"675\">Farkl\u0131 kal\u0131nl\u0131k ve boylarda \u00fcretilebilir; projeye \u00f6zel olarak \u015fekillendirilebilir.<\/p><\/li><\/ul>\n\t\t\t\t\t<\/div>\n\t\t\t\t\t\t<\/div>\n\t\t\t\t<\/div>\n\t\t\t\t<\/div>\n\t\t<div class=\"elementor-element elementor-element-3fed916 e-con-full e-flex e-con e-child\" data-id=\"3fed916\" data-element_type=\"container\">\n\t\t\t\t<div class=\"elementor-element elementor-element-d6c6ca0 color-scheme-inherit text-left elementor-widget elementor-widget-text-editor\" data-id=\"d6c6ca0\" data-element_type=\"widget\" data-widget_type=\"text-editor.default\">\n\t\t\t\t\t\t\t\t\t<h3 data-start=\"1141\" data-end=\"1169\"><strong data-start=\"1148\" data-end=\"1169\">Kullan\u0131m Alanlar\u0131<\/strong><\/h3><ul><li data-start=\"708\" data-end=\"772\"><p data-start=\"710\" data-end=\"772\"><strong data-start=\"710\" data-end=\"730\">\u00c7at\u0131 kaplamalar\u0131<\/strong>: Depo, fabrika, hangar, tar\u0131m yap\u0131lar\u0131.<\/p><\/li><li data-start=\"773\" data-end=\"831\"><p data-start=\"775\" data-end=\"831\"><strong data-start=\"775\" data-end=\"796\">Cephe kaplamalar\u0131<\/strong>: End\u00fcstriyel bina d\u0131\u015f y\u00fczeyleri.<\/p><\/li><li data-start=\"832\" data-end=\"881\"><p data-start=\"834\" data-end=\"881\"><strong data-start=\"834\" data-end=\"864\">Garaj, sundurma ve pergola<\/strong> sistemlerinde.<\/p><\/li><li data-start=\"882\" data-end=\"944\"><p data-start=\"884\" data-end=\"944\"><strong data-start=\"884\" data-end=\"905\">Prefabrik yap\u0131lar<\/strong>: Ofis konteynerleri, ge\u00e7ici yap\u0131lar.<\/p><\/li><li data-start=\"945\" data-end=\"1002\"><p data-start=\"947\" data-end=\"1002\"><strong data-start=\"947\" data-end=\"965\">Tar\u0131m yap\u0131lar\u0131<\/strong>: Ah\u0131r, silo ve seralarda kullan\u0131l\u0131r.<\/p><\/li><\/ul>\t\t\t\t\t\t\t\t<\/div>\n\t\t\t\t<\/div>\n\t\t<div class=\"elementor-element elementor-element-6ef8290 e-con-full e-flex e-con e-child\" data-id=\"6ef8290\" data-element_type=\"container\">\n\t\t\t\t<div class=\"elementor-element elementor-element-b39b441 elementor-widget elementor-widget-wd_text_block\" data-id=\"b39b441\" data-element_type=\"widget\" data-widget_type=\"wd_text_block.default\">\n\t\t\t\t<div class=\"elementor-widget-container\">\n\t\t\t\t\t\t\t<div class=\"wd-text-block reset-last-child text-left\">\n\t\t\t\n\t\t\t<h3 data-start=\"682\" data-end=\"710\"><strong data-start=\"689\" data-end=\"710\">Teknik \u00d6zellikler<\/strong><\/h3><ul><li data-start=\"1035\" data-end=\"1079\"><p data-start=\"1037\" data-end=\"1079\"><strong data-start=\"1037\" data-end=\"1052\">Profil tipi<\/strong>: Sin\u00fcs (dalgac\u0131kl\u0131) form<\/p><\/li><li data-start=\"1080\" data-end=\"1128\"><p data-start=\"1082\" data-end=\"1128\"><strong data-start=\"1082\" data-end=\"1098\">Malzeme tipi<\/strong>: Galvanizli veya boyal\u0131 sac<\/p><\/li><li data-start=\"1129\" data-end=\"1172\"><p data-start=\"1131\" data-end=\"1172\"><strong data-start=\"1131\" data-end=\"1151\">Kal\u0131nl\u0131k aral\u0131\u011f\u0131<\/strong>: 0,40 mm \u2013 1,00 mm<\/p><\/li><li data-start=\"1173\" data-end=\"1234\"><p data-start=\"1175\" data-end=\"1234\"><strong data-start=\"1175\" data-end=\"1191\">Kaplama t\u00fcr\u00fc<\/strong>: Renkli (RAL boyal\u0131) veya galvaniz kapl\u0131<\/p><\/li><li data-start=\"1235\" data-end=\"1282\"><p data-start=\"1237\" data-end=\"1282\"><strong data-start=\"1237\" data-end=\"1257\">Dalga y\u00fcksekli\u011fi<\/strong>: Genellikle 18 \u2013 20 mm<\/p><\/li><li data-start=\"1283\" data-end=\"1335\"><p data-start=\"1285\" data-end=\"1335\"><strong data-start=\"1285\" data-end=\"1309\">Kaplama standartlar\u0131<\/strong>: TS EN 10346, ASTM A653<\/p><\/li><li data-start=\"1336\" data-end=\"1392\"><p data-start=\"1338\" data-end=\"1392\"><strong data-start=\"1338\" data-end=\"1355\">Kullan\u0131m \u00f6mr\u00fc<\/strong>: Kaplama t\u00fcr\u00fcne g\u00f6re 15-30 y\u0131l aras\u0131<\/p><\/li><\/ul>\n\t\t\t\t\t<\/div>\n\t\t\t\t\t\t<\/div>\n\t\t\t\t<\/div>\n\t\t\t\t<\/div>\n\t\t\t\t\t<\/div>\n\t\t\t\t<\/div>\n\t\t\t\t<\/div>\n\t\t","protected":false},"excerpt":{"rendered":"<p style=\"color: red;\">Bu \u00fcr\u00fcn ma\u011fazam\u0131zda sat\u0131lmaktad\u0131r. Fiyat bilgisi i\u00e7in teklif isteyiniz.<\/p>\n","protected":false},"featured_media":29127,"comment_status":"open","ping_status":"closed","template":"","meta":[],"product_brand":[],"product_cat":[89],"product_tag":[],"class_list":{"0":"post-29133","1":"product","2":"type-product","3":"status-publish","4":"has-post-thumbnail","6":"product_cat-trapez-cati-sac-levhalar","8":"first","9":"instock","10":"shipping-taxable","11":"product-type-simple"},"yoast_head":"<!-- This site is optimized with the Yoast SEO plugin v25.7 - https:\/\/yoast.com\/wordpress\/plugins\/seo\/ -->\n<title>Sin\u00fcs Oluklu Sac 87,5 cm Galveniz - Bursa Defne Metal<\/title>\n<meta name=\"description\" content=\"Sin\u00fcs oluklu sac \u00e7\u00f6z\u00fcmleri: Estetik, hafif ve dayan\u0131kl\u0131 yap\u0131s\u0131yla \u00e7at\u0131 ve cephe kaplamalar\u0131nda ideal se\u00e7im. Galvanizli ve boyal\u0131 modeller mevcuttur.\" \/>\n<meta name=\"robots\" content=\"index, follow, max-snippet:-1, max-image-preview:large, max-video-preview:-1\" \/>\n<link rel=\"canonical\" href=\"https:\/\/bursadefnemetal.com\/index.php\/urun\/sinus-oluklu-sac-030-mm-875-300-cm\/\" \/>\n<meta property=\"og:locale\" content=\"tr_TR\" \/>\n<meta property=\"og:type\" content=\"article\" \/>\n<meta property=\"og:title\" content=\"Sin\u00fcs Oluklu Sac 87,5 cm Galveniz - Bursa Defne Metal\" \/>\n<meta property=\"og:description\" content=\"Sin\u00fcs oluklu sac \u00e7\u00f6z\u00fcmleri: Estetik, hafif ve dayan\u0131kl\u0131 yap\u0131s\u0131yla \u00e7at\u0131 ve cephe kaplamalar\u0131nda ideal se\u00e7im. Galvanizli ve boyal\u0131 modeller mevcuttur.\" \/>\n<meta property=\"og:url\" content=\"https:\/\/bursadefnemetal.com\/index.php\/urun\/sinus-oluklu-sac-030-mm-875-300-cm\/\" \/>\n<meta property=\"og:site_name\" content=\"Bursa Defne Metal\" \/>\n<meta property=\"article:modified_time\" content=\"2025-08-05T13:12:14+00:00\" \/>\n<meta property=\"og:image\" content=\"https:\/\/bursadefnemetal.com\/wp-content\/uploads\/2025\/07\/sinus-5.jpg\" \/>\n\t<meta property=\"og:image:width\" content=\"700\" \/>\n\t<meta property=\"og:image:height\" content=\"800\" \/>\n\t<meta property=\"og:image:type\" content=\"image\/jpeg\" \/>\n<meta name=\"twitter:card\" content=\"summary_large_image\" \/>\n<meta name=\"twitter:label1\" content=\"Tahmini okuma s\u00fcresi\" \/>\n\t<meta name=\"twitter:data1\" content=\"2 dakika\" \/>\n<script type=\"application\/ld+json\" class=\"yoast-schema-graph\">{\"@context\":\"https:\/\/schema.org\",\"@graph\":[{\"@type\":\"WebPage\",\"@id\":\"https:\/\/bursadefnemetal.com\/index.php\/urun\/sinus-oluklu-sac-030-mm-875-300-cm\/\",\"url\":\"https:\/\/bursadefnemetal.com\/index.php\/urun\/sinus-oluklu-sac-030-mm-875-300-cm\/\",\"name\":\"Sin\u00fcs Oluklu Sac 87,5 cm Galveniz - Bursa Defne Metal\",\"isPartOf\":{\"@id\":\"https:\/\/bursadefnemetal.com\/#website\"},\"primaryImageOfPage\":{\"@id\":\"https:\/\/bursadefnemetal.com\/index.php\/urun\/sinus-oluklu-sac-030-mm-875-300-cm\/#primaryimage\"},\"image\":{\"@id\":\"https:\/\/bursadefnemetal.com\/index.php\/urun\/sinus-oluklu-sac-030-mm-875-300-cm\/#primaryimage\"},\"thumbnailUrl\":\"https:\/\/bursadefnemetal.com\/wp-content\/uploads\/2025\/07\/sinus-5.jpg\",\"datePublished\":\"2025-07-22T12:30:59+00:00\",\"dateModified\":\"2025-08-05T13:12:14+00:00\",\"description\":\"Sin\u00fcs oluklu sac \u00e7\u00f6z\u00fcmleri: Estetik, hafif ve dayan\u0131kl\u0131 yap\u0131s\u0131yla \u00e7at\u0131 ve cephe kaplamalar\u0131nda ideal se\u00e7im. Galvanizli ve boyal\u0131 modeller mevcuttur.\",\"breadcrumb\":{\"@id\":\"https:\/\/bursadefnemetal.com\/index.php\/urun\/sinus-oluklu-sac-030-mm-875-300-cm\/#breadcrumb\"},\"inLanguage\":\"tr\",\"potentialAction\":[{\"@type\":\"ReadAction\",\"target\":[\"https:\/\/bursadefnemetal.com\/index.php\/urun\/sinus-oluklu-sac-030-mm-875-300-cm\/\"]}]},{\"@type\":\"ImageObject\",\"inLanguage\":\"tr\",\"@id\":\"https:\/\/bursadefnemetal.com\/index.php\/urun\/sinus-oluklu-sac-030-mm-875-300-cm\/#primaryimage\",\"url\":\"https:\/\/bursadefnemetal.com\/wp-content\/uploads\/2025\/07\/sinus-5.jpg\",\"contentUrl\":\"https:\/\/bursadefnemetal.com\/wp-content\/uploads\/2025\/07\/sinus-5.jpg\",\"width\":700,\"height\":800},{\"@type\":\"BreadcrumbList\",\"@id\":\"https:\/\/bursadefnemetal.com\/index.php\/urun\/sinus-oluklu-sac-030-mm-875-300-cm\/#breadcrumb\",\"itemListElement\":[{\"@type\":\"ListItem\",\"position\":1,\"name\":\"Anasayfa\",\"item\":\"https:\/\/bursadefnemetal.com\/\"},{\"@type\":\"ListItem\",\"position\":2,\"name\":\"Shop\",\"item\":\"https:\/\/bursadefnemetal.com\/index.php\/shop\/\"},{\"@type\":\"ListItem\",\"position\":3,\"name\":\"Sin\u00fcs Oluklu Sac 87,5 cm Galveniz\"}]},{\"@type\":\"WebSite\",\"@id\":\"https:\/\/bursadefnemetal.com\/#website\",\"url\":\"https:\/\/bursadefnemetal.com\/\",\"name\":\"Bursa Defne Metal\",\"description\":\"\",\"potentialAction\":[{\"@type\":\"SearchAction\",\"target\":{\"@type\":\"EntryPoint\",\"urlTemplate\":\"https:\/\/bursadefnemetal.com\/?s={search_term_string}\"},\"query-input\":{\"@type\":\"PropertyValueSpecification\",\"valueRequired\":true,\"valueName\":\"search_term_string\"}}],\"inLanguage\":\"tr\"}]}<\/script>\n<!-- \/ Yoast SEO plugin. -->","yoast_head_json":{"title":"Sin\u00fcs Oluklu Sac 87,5 cm Galveniz - Bursa Defne Metal","description":"Sin\u00fcs oluklu sac \u00e7\u00f6z\u00fcmleri: Estetik, hafif ve dayan\u0131kl\u0131 yap\u0131s\u0131yla \u00e7at\u0131 ve cephe kaplamalar\u0131nda ideal se\u00e7im. Galvanizli ve boyal\u0131 modeller mevcuttur.","robots":{"index":"index","follow":"follow","max-snippet":"max-snippet:-1","max-image-preview":"max-image-preview:large","max-video-preview":"max-video-preview:-1"},"canonical":"https:\/\/bursadefnemetal.com\/index.php\/urun\/sinus-oluklu-sac-030-mm-875-300-cm\/","og_locale":"tr_TR","og_type":"article","og_title":"Sin\u00fcs Oluklu Sac 87,5 cm Galveniz - Bursa Defne Metal","og_description":"Sin\u00fcs oluklu sac \u00e7\u00f6z\u00fcmleri: Estetik, hafif ve dayan\u0131kl\u0131 yap\u0131s\u0131yla \u00e7at\u0131 ve cephe kaplamalar\u0131nda ideal se\u00e7im. Galvanizli ve boyal\u0131 modeller mevcuttur.","og_url":"https:\/\/bursadefnemetal.com\/index.php\/urun\/sinus-oluklu-sac-030-mm-875-300-cm\/","og_site_name":"Bursa Defne Metal","article_modified_time":"2025-08-05T13:12:14+00:00","og_image":[{"width":700,"height":800,"url":"https:\/\/bursadefnemetal.com\/wp-content\/uploads\/2025\/07\/sinus-5.jpg","type":"image\/jpeg"}],"twitter_card":"summary_large_image","twitter_misc":{"Tahmini okuma s\u00fcresi":"2 dakika"},"schema":{"@context":"https:\/\/schema.org","@graph":[{"@type":"WebPage","@id":"https:\/\/bursadefnemetal.com\/index.php\/urun\/sinus-oluklu-sac-030-mm-875-300-cm\/","url":"https:\/\/bursadefnemetal.com\/index.php\/urun\/sinus-oluklu-sac-030-mm-875-300-cm\/","name":"Sin\u00fcs Oluklu Sac 87,5 cm Galveniz - Bursa Defne Metal","isPartOf":{"@id":"https:\/\/bursadefnemetal.com\/#website"},"primaryImageOfPage":{"@id":"https:\/\/bursadefnemetal.com\/index.php\/urun\/sinus-oluklu-sac-030-mm-875-300-cm\/#primaryimage"},"image":{"@id":"https:\/\/bursadefnemetal.com\/index.php\/urun\/sinus-oluklu-sac-030-mm-875-300-cm\/#primaryimage"},"thumbnailUrl":"https:\/\/bursadefnemetal.com\/wp-content\/uploads\/2025\/07\/sinus-5.jpg","datePublished":"2025-07-22T12:30:59+00:00","dateModified":"2025-08-05T13:12:14+00:00","description":"Sin\u00fcs oluklu sac \u00e7\u00f6z\u00fcmleri: Estetik, hafif ve dayan\u0131kl\u0131 yap\u0131s\u0131yla \u00e7at\u0131 ve cephe kaplamalar\u0131nda ideal se\u00e7im. Galvanizli ve boyal\u0131 modeller mevcuttur.","breadcrumb":{"@id":"https:\/\/bursadefnemetal.com\/index.php\/urun\/sinus-oluklu-sac-030-mm-875-300-cm\/#breadcrumb"},"inLanguage":"tr","potentialAction":[{"@type":"ReadAction","target":["https:\/\/bursadefnemetal.com\/index.php\/urun\/sinus-oluklu-sac-030-mm-875-300-cm\/"]}]},{"@type":"ImageObject","inLanguage":"tr","@id":"https:\/\/bursadefnemetal.com\/index.php\/urun\/sinus-oluklu-sac-030-mm-875-300-cm\/#primaryimage","url":"https:\/\/bursadefnemetal.com\/wp-content\/uploads\/2025\/07\/sinus-5.jpg","contentUrl":"https:\/\/bursadefnemetal.com\/wp-content\/uploads\/2025\/07\/sinus-5.jpg","width":700,"height":800},{"@type":"BreadcrumbList","@id":"https:\/\/bursadefnemetal.com\/index.php\/urun\/sinus-oluklu-sac-030-mm-875-300-cm\/#breadcrumb","itemListElement":[{"@type":"ListItem","position":1,"name":"Anasayfa","item":"https:\/\/bursadefnemetal.com\/"},{"@type":"ListItem","position":2,"name":"Shop","item":"https:\/\/bursadefnemetal.com\/index.php\/shop\/"},{"@type":"ListItem","position":3,"name":"Sin\u00fcs Oluklu Sac 87,5 cm Galveniz"}]},{"@type":"WebSite","@id":"https:\/\/bursadefnemetal.com\/#website","url":"https:\/\/bursadefnemetal.com\/","name":"Bursa Defne Metal","description":"","potentialAction":[{"@type":"SearchAction","target":{"@type":"EntryPoint","urlTemplate":"https:\/\/bursadefnemetal.com\/?s={search_term_string}"},"query-input":{"@type":"PropertyValueSpecification","valueRequired":true,"valueName":"search_term_string"}}],"inLanguage":"tr"}]}},"_links":{"self":[{"href":"https:\/\/bursadefnemetal.com\/index.php\/wp-json\/wp\/v2\/product\/29133","targetHints":{"allow":["GET"]}}],"collection":[{"href":"https:\/\/bursadefnemetal.com\/index.php\/wp-json\/wp\/v2\/product"}],"about":[{"href":"https:\/\/bursadefnemetal.com\/index.php\/wp-json\/wp\/v2\/types\/product"}],"replies":[{"embeddable":true,"href":"https:\/\/bursadefnemetal.com\/index.php\/wp-json\/wp\/v2\/comments?post=29133"}],"version-history":[{"count":3,"href":"https:\/\/bursadefnemetal.com\/index.php\/wp-json\/wp\/v2\/product\/29133\/revisions"}],"predecessor-version":[{"id":29354,"href":"https:\/\/bursadefnemetal.com\/index.php\/wp-json\/wp\/v2\/product\/29133\/revisions\/29354"}],"wp:featuredmedia":[{"embeddable":true,"href":"https:\/\/bursadefnemetal.com\/index.php\/wp-json\/wp\/v2\/media\/29127"}],"wp:attachment":[{"href":"https:\/\/bursadefnemetal.com\/index.php\/wp-json\/wp\/v2\/media?parent=29133"}],"wp:term":[{"taxonomy":"product_brand","embeddable":true,"href":"https:\/\/bursadefnemetal.com\/index.php\/wp-json\/wp\/v2\/product_brand?post=29133"},{"taxonomy":"product_cat","embeddable":true,"href":"https:\/\/bursadefnemetal.com\/index.php\/wp-json\/wp\/v2\/product_cat?post=29133"},{"taxonomy":"product_tag","embeddable":true,"href":"https:\/\/bursadefnemetal.com\/index.php\/wp-json\/wp\/v2\/product_tag?post=29133"}],"curies":[{"name":"wp","href":"https:\/\/api.w.org\/{rel}","templated":true}]}}