{"id":29156,"date":"2025-07-22T15:41:34","date_gmt":"2025-07-22T12:41:34","guid":{"rendered":"https:\/\/bursadefnemetal.com\/?post_type=product&#038;p=29156"},"modified":"2025-08-12T10:23:25","modified_gmt":"2025-08-12T07:23:25","slug":"27-200-form-boyali-galvanizli-trapez-sac","status":"publish","type":"product","link":"https:\/\/bursadefnemetal.com\/index.php\/urun\/27-200-form-boyali-galvanizli-trapez-sac\/","title":{"rendered":"27\/200 Form Boyal\u0131 &#038; Galvanizli Trapez Sac"},"content":{"rendered":"\t\t<div data-elementor-type=\"wp-post\" data-elementor-id=\"29156\" class=\"elementor elementor-29156\">\n\t\t\t\t<div class=\"wd-negative-gap elementor-element elementor-element-997cfae e-flex e-con-boxed e-con e-parent\" data-id=\"997cfae\" data-element_type=\"container\">\n\t\t\t\t\t<div class=\"e-con-inner\">\n\t\t<div class=\"elementor-element elementor-element-67d4c92 e-con-full e-flex e-con e-child\" data-id=\"67d4c92\" data-element_type=\"container\">\n\t\t\t\t<div class=\"elementor-element elementor-element-ebb40a2 elementor-widget elementor-widget-wd_text_block\" data-id=\"ebb40a2\" data-element_type=\"widget\" data-widget_type=\"wd_text_block.default\">\n\t\t\t\t<div class=\"elementor-widget-container\">\n\t\t\t\t\t\t\t<div class=\"wd-text-block reset-last-child text-left\">\n\t\t\t\n\t\t\t<h3 data-start=\"232\" data-end=\"259\"><strong data-start=\"239\" data-end=\"259\">Genel \u00d6zellikler<\/strong><\/h3><ul><li data-start=\"277\" data-end=\"374\"><p data-start=\"279\" data-end=\"374\">Trapez sac, sac levhalar\u0131n \u00f6zel makinelerde trapez (k\u00f6\u015feli) formlara getirilmesiyle \u00fcretilir.<\/p><\/li><li data-start=\"375\" data-end=\"445\"><p data-start=\"377\" data-end=\"445\">Dalga y\u00fcksekli\u011fi, dayan\u0131kl\u0131l\u0131k ve y\u00fck ta\u015f\u0131ma kapasitesini art\u0131r\u0131r.<\/p><\/li><li data-start=\"446\" data-end=\"520\"><p data-start=\"448\" data-end=\"520\">Galvanizli veya boyal\u0131 (RAL renk kodlar\u0131yla) olarak tercih edilebilir.<\/p><\/li><li data-start=\"521\" data-end=\"579\"><p data-start=\"523\" data-end=\"579\">H\u0131zl\u0131 montaj, uzun \u00f6m\u00fcr ve d\u00fc\u015f\u00fck bak\u0131m avantaj\u0131 sunar.<\/p><\/li><li data-start=\"580\" data-end=\"655\"><p data-start=\"582\" data-end=\"655\">Su tahliyesi, y\u00fck ta\u015f\u0131ma ve r\u00fczgar direnci a\u00e7\u0131s\u0131ndan son derece uygundur.<\/p><\/li><\/ul>\n\t\t\t\t\t<\/div>\n\t\t\t\t\t\t<\/div>\n\t\t\t\t<\/div>\n\t\t\t\t<\/div>\n\t\t<div class=\"elementor-element elementor-element-3fed916 e-con-full e-flex e-con e-child\" data-id=\"3fed916\" data-element_type=\"container\">\n\t\t\t\t<div class=\"elementor-element elementor-element-d6c6ca0 color-scheme-inherit text-left elementor-widget elementor-widget-text-editor\" data-id=\"d6c6ca0\" data-element_type=\"widget\" data-widget_type=\"text-editor.default\">\n\t\t\t\t\t\t\t\t\t<h3 data-start=\"1141\" data-end=\"1169\"><strong data-start=\"1148\" data-end=\"1169\">Kullan\u0131m Alanlar\u0131<\/strong><\/h3><ul><li data-start=\"688\" data-end=\"756\"><p data-start=\"690\" data-end=\"756\"><strong data-start=\"690\" data-end=\"710\">\u00c7at\u0131 kaplamalar\u0131<\/strong>: Sanayi yap\u0131lar\u0131, fabrikalar, depo \u00e7at\u0131lar\u0131<\/p><\/li><li data-start=\"757\" data-end=\"824\"><p data-start=\"759\" data-end=\"824\"><strong data-start=\"759\" data-end=\"780\">Cephe kaplamalar\u0131<\/strong>: End\u00fcstriyel ve ticari bina d\u0131\u015f y\u00fczeyleri<\/p><\/li><li data-start=\"825\" data-end=\"887\"><p data-start=\"827\" data-end=\"887\"><strong data-start=\"827\" data-end=\"848\">Prefabrik yap\u0131lar<\/strong>: Konteyner, ofis, bar\u0131nak sistemleri<\/p><\/li><li data-start=\"888\" data-end=\"952\"><p data-start=\"890\" data-end=\"952\"><strong data-start=\"890\" data-end=\"908\">Tar\u0131m yap\u0131lar\u0131<\/strong>: Ah\u0131r, silo, yem deposu \u00e7at\u0131 ve duvarlar\u0131<\/p><\/li><li data-start=\"953\" data-end=\"1029\"><p data-start=\"955\" data-end=\"1029\"><strong data-start=\"955\" data-end=\"995\">Asma tavan ve b\u00f6lme duvar sistemleri<\/strong>: \u0130\u00e7 mekanlarda da kullan\u0131labilir.<\/p><\/li><\/ul>\t\t\t\t\t\t\t\t<\/div>\n\t\t\t\t<\/div>\n\t\t<div class=\"elementor-element elementor-element-6ef8290 e-con-full e-flex e-con e-child\" data-id=\"6ef8290\" data-element_type=\"container\">\n\t\t\t\t<div class=\"elementor-element elementor-element-b39b441 elementor-widget elementor-widget-wd_text_block\" data-id=\"b39b441\" data-element_type=\"widget\" data-widget_type=\"wd_text_block.default\">\n\t\t\t\t<div class=\"elementor-widget-container\">\n\t\t\t\t\t\t\t<div class=\"wd-text-block reset-last-child text-left\">\n\t\t\t\n\t\t\t<h3 data-start=\"682\" data-end=\"710\"><strong data-start=\"689\" data-end=\"710\">Teknik \u00d6zellikler<\/strong><\/h3><ul><li data-start=\"1062\" data-end=\"1126\"><p data-start=\"1064\" data-end=\"1126\"><strong data-start=\"1064\" data-end=\"1079\">Profil tipi<\/strong>: Trapez (T18, T35, T50 gibi farkl\u0131 tiplerde)<\/p><\/li><li data-start=\"1127\" data-end=\"1184\"><p data-start=\"1129\" data-end=\"1184\"><strong data-start=\"1129\" data-end=\"1145\">Malzeme tipi<\/strong>: Galvanizli sac, boyal\u0131 galvaniz sac<\/p><\/li><li data-start=\"1185\" data-end=\"1228\"><p data-start=\"1187\" data-end=\"1228\"><strong data-start=\"1187\" data-end=\"1207\">Kal\u0131nl\u0131k aral\u0131\u011f\u0131<\/strong>: 0,40 mm \u2013 1,20 mm<\/p><\/li><li data-start=\"1229\" data-end=\"1283\"><p data-start=\"1231\" data-end=\"1283\"><strong data-start=\"1231\" data-end=\"1247\">Kaplama t\u00fcr\u00fc<\/strong>: RAL boya kaplamal\u0131 veya galvaniz<\/p><\/li><li data-start=\"1284\" data-end=\"1365\"><p data-start=\"1286\" data-end=\"1365\"><strong data-start=\"1286\" data-end=\"1306\">Dalga y\u00fcksekli\u011fi<\/strong>: 18 mm, 27 mm, 35 mm, 50 mm (profil tipine g\u00f6re de\u011fi\u015fir)<\/p><\/li><li data-start=\"1366\" data-end=\"1408\"><p data-start=\"1368\" data-end=\"1408\"><strong data-start=\"1368\" data-end=\"1383\">Standartlar<\/strong>: TS EN 10346, DIN 1092<\/p><\/li><li data-start=\"1409\" data-end=\"1474\"><p data-start=\"1411\" data-end=\"1474\"><strong data-start=\"1411\" data-end=\"1429\">Uygulama \u015fekli<\/strong>: Vida, \u00e7ivi veya per\u00e7inle montaj yap\u0131labilir<\/p><\/li><\/ul>\n\t\t\t\t\t<\/div>\n\t\t\t\t\t\t<\/div>\n\t\t\t\t<\/div>\n\t\t\t\t<\/div>\n\t\t\t\t\t<\/div>\n\t\t\t\t<\/div>\n\t\t\t\t<\/div>\n\t\t","protected":false},"excerpt":{"rendered":"<p style=\"color: red;\">Bu \u00fcr\u00fcn ma\u011fazam\u0131zda sat\u0131lmaktad\u0131r. Fiyat bilgisi i\u00e7in teklif isteyiniz.<\/p>\n","protected":false},"featured_media":29146,"comment_status":"open","ping_status":"closed","template":"","meta":[],"product_brand":[],"product_cat":[89],"product_tag":[],"class_list":{"0":"post-29156","1":"product","2":"type-product","3":"status-publish","4":"has-post-thumbnail","6":"product_cat-trapez-cati-sac-levhalar","8":"first","9":"instock","10":"shipping-taxable","11":"product-type-simple"},"yoast_head":"<!-- This site is optimized with the Yoast SEO plugin v25.7 - https:\/\/yoast.com\/wordpress\/plugins\/seo\/ -->\n<title>27\/200 Form Boyal\u0131 &amp; Galvanizli Trapez Sac - Bursa Defne Metal<\/title>\n<meta name=\"description\" content=\"Trapez sac ile dayan\u0131kl\u0131, estetik ve ekonomik \u00e7at\u0131 &amp; cephe \u00e7\u00f6z\u00fcmleri. Galvanizli ve boyal\u0131 se\u00e7enekleriyle h\u0131zl\u0131 montaj, uzun \u00f6m\u00fcr.\" \/>\n<meta name=\"robots\" content=\"index, follow, max-snippet:-1, max-image-preview:large, max-video-preview:-1\" \/>\n<link rel=\"canonical\" href=\"https:\/\/bursadefnemetal.com\/index.php\/urun\/27-200-form-boyali-galvanizli-trapez-sac\/\" \/>\n<meta property=\"og:locale\" content=\"tr_TR\" \/>\n<meta property=\"og:type\" content=\"article\" \/>\n<meta property=\"og:title\" content=\"27\/200 Form Boyal\u0131 &amp; Galvanizli Trapez Sac - Bursa Defne Metal\" \/>\n<meta property=\"og:description\" content=\"Trapez sac ile dayan\u0131kl\u0131, estetik ve ekonomik \u00e7at\u0131 &amp; cephe \u00e7\u00f6z\u00fcmleri. Galvanizli ve boyal\u0131 se\u00e7enekleriyle h\u0131zl\u0131 montaj, uzun \u00f6m\u00fcr.\" \/>\n<meta property=\"og:url\" content=\"https:\/\/bursadefnemetal.com\/index.php\/urun\/27-200-form-boyali-galvanizli-trapez-sac\/\" \/>\n<meta property=\"og:site_name\" content=\"Bursa Defne Metal\" \/>\n<meta property=\"article:modified_time\" content=\"2025-08-12T07:23:25+00:00\" \/>\n<meta property=\"og:image\" content=\"https:\/\/bursadefnemetal.com\/wp-content\/uploads\/2025\/07\/trapez-7.jpg\" \/>\n\t<meta property=\"og:image:width\" content=\"700\" \/>\n\t<meta property=\"og:image:height\" content=\"800\" \/>\n\t<meta property=\"og:image:type\" content=\"image\/jpeg\" \/>\n<meta name=\"twitter:card\" content=\"summary_large_image\" \/>\n<meta name=\"twitter:label1\" content=\"Tahmini okuma s\u00fcresi\" \/>\n\t<meta name=\"twitter:data1\" content=\"2 dakika\" \/>\n<script type=\"application\/ld+json\" class=\"yoast-schema-graph\">{\"@context\":\"https:\/\/schema.org\",\"@graph\":[{\"@type\":\"WebPage\",\"@id\":\"https:\/\/bursadefnemetal.com\/index.php\/urun\/27-200-form-boyali-galvanizli-trapez-sac\/\",\"url\":\"https:\/\/bursadefnemetal.com\/index.php\/urun\/27-200-form-boyali-galvanizli-trapez-sac\/\",\"name\":\"27\/200 Form Boyal\u0131 & Galvanizli Trapez Sac - Bursa Defne Metal\",\"isPartOf\":{\"@id\":\"https:\/\/bursadefnemetal.com\/#website\"},\"primaryImageOfPage\":{\"@id\":\"https:\/\/bursadefnemetal.com\/index.php\/urun\/27-200-form-boyali-galvanizli-trapez-sac\/#primaryimage\"},\"image\":{\"@id\":\"https:\/\/bursadefnemetal.com\/index.php\/urun\/27-200-form-boyali-galvanizli-trapez-sac\/#primaryimage\"},\"thumbnailUrl\":\"https:\/\/bursadefnemetal.com\/wp-content\/uploads\/2025\/07\/trapez-7.jpg\",\"datePublished\":\"2025-07-22T12:41:34+00:00\",\"dateModified\":\"2025-08-12T07:23:25+00:00\",\"description\":\"Trapez sac ile dayan\u0131kl\u0131, estetik ve ekonomik \u00e7at\u0131 & cephe \u00e7\u00f6z\u00fcmleri. Galvanizli ve boyal\u0131 se\u00e7enekleriyle h\u0131zl\u0131 montaj, uzun \u00f6m\u00fcr.\",\"breadcrumb\":{\"@id\":\"https:\/\/bursadefnemetal.com\/index.php\/urun\/27-200-form-boyali-galvanizli-trapez-sac\/#breadcrumb\"},\"inLanguage\":\"tr\",\"potentialAction\":[{\"@type\":\"ReadAction\",\"target\":[\"https:\/\/bursadefnemetal.com\/index.php\/urun\/27-200-form-boyali-galvanizli-trapez-sac\/\"]}]},{\"@type\":\"ImageObject\",\"inLanguage\":\"tr\",\"@id\":\"https:\/\/bursadefnemetal.com\/index.php\/urun\/27-200-form-boyali-galvanizli-trapez-sac\/#primaryimage\",\"url\":\"https:\/\/bursadefnemetal.com\/wp-content\/uploads\/2025\/07\/trapez-7.jpg\",\"contentUrl\":\"https:\/\/bursadefnemetal.com\/wp-content\/uploads\/2025\/07\/trapez-7.jpg\",\"width\":700,\"height\":800},{\"@type\":\"BreadcrumbList\",\"@id\":\"https:\/\/bursadefnemetal.com\/index.php\/urun\/27-200-form-boyali-galvanizli-trapez-sac\/#breadcrumb\",\"itemListElement\":[{\"@type\":\"ListItem\",\"position\":1,\"name\":\"Anasayfa\",\"item\":\"https:\/\/bursadefnemetal.com\/\"},{\"@type\":\"ListItem\",\"position\":2,\"name\":\"Shop\",\"item\":\"https:\/\/bursadefnemetal.com\/index.php\/shop\/\"},{\"@type\":\"ListItem\",\"position\":3,\"name\":\"27\/200 Form Boyal\u0131 &#038; Galvanizli Trapez Sac\"}]},{\"@type\":\"WebSite\",\"@id\":\"https:\/\/bursadefnemetal.com\/#website\",\"url\":\"https:\/\/bursadefnemetal.com\/\",\"name\":\"Bursa Defne Metal\",\"description\":\"\",\"potentialAction\":[{\"@type\":\"SearchAction\",\"target\":{\"@type\":\"EntryPoint\",\"urlTemplate\":\"https:\/\/bursadefnemetal.com\/?s={search_term_string}\"},\"query-input\":{\"@type\":\"PropertyValueSpecification\",\"valueRequired\":true,\"valueName\":\"search_term_string\"}}],\"inLanguage\":\"tr\"}]}<\/script>\n<!-- \/ Yoast SEO plugin. -->","yoast_head_json":{"title":"27\/200 Form Boyal\u0131 & Galvanizli Trapez Sac - Bursa Defne Metal","description":"Trapez sac ile dayan\u0131kl\u0131, estetik ve ekonomik \u00e7at\u0131 & cephe \u00e7\u00f6z\u00fcmleri. Galvanizli ve boyal\u0131 se\u00e7enekleriyle h\u0131zl\u0131 montaj, uzun \u00f6m\u00fcr.","robots":{"index":"index","follow":"follow","max-snippet":"max-snippet:-1","max-image-preview":"max-image-preview:large","max-video-preview":"max-video-preview:-1"},"canonical":"https:\/\/bursadefnemetal.com\/index.php\/urun\/27-200-form-boyali-galvanizli-trapez-sac\/","og_locale":"tr_TR","og_type":"article","og_title":"27\/200 Form Boyal\u0131 & Galvanizli Trapez Sac - Bursa Defne Metal","og_description":"Trapez sac ile dayan\u0131kl\u0131, estetik ve ekonomik \u00e7at\u0131 & cephe \u00e7\u00f6z\u00fcmleri. Galvanizli ve boyal\u0131 se\u00e7enekleriyle h\u0131zl\u0131 montaj, uzun \u00f6m\u00fcr.","og_url":"https:\/\/bursadefnemetal.com\/index.php\/urun\/27-200-form-boyali-galvanizli-trapez-sac\/","og_site_name":"Bursa Defne Metal","article_modified_time":"2025-08-12T07:23:25+00:00","og_image":[{"width":700,"height":800,"url":"https:\/\/bursadefnemetal.com\/wp-content\/uploads\/2025\/07\/trapez-7.jpg","type":"image\/jpeg"}],"twitter_card":"summary_large_image","twitter_misc":{"Tahmini okuma s\u00fcresi":"2 dakika"},"schema":{"@context":"https:\/\/schema.org","@graph":[{"@type":"WebPage","@id":"https:\/\/bursadefnemetal.com\/index.php\/urun\/27-200-form-boyali-galvanizli-trapez-sac\/","url":"https:\/\/bursadefnemetal.com\/index.php\/urun\/27-200-form-boyali-galvanizli-trapez-sac\/","name":"27\/200 Form Boyal\u0131 & Galvanizli Trapez Sac - Bursa Defne Metal","isPartOf":{"@id":"https:\/\/bursadefnemetal.com\/#website"},"primaryImageOfPage":{"@id":"https:\/\/bursadefnemetal.com\/index.php\/urun\/27-200-form-boyali-galvanizli-trapez-sac\/#primaryimage"},"image":{"@id":"https:\/\/bursadefnemetal.com\/index.php\/urun\/27-200-form-boyali-galvanizli-trapez-sac\/#primaryimage"},"thumbnailUrl":"https:\/\/bursadefnemetal.com\/wp-content\/uploads\/2025\/07\/trapez-7.jpg","datePublished":"2025-07-22T12:41:34+00:00","dateModified":"2025-08-12T07:23:25+00:00","description":"Trapez sac ile dayan\u0131kl\u0131, estetik ve ekonomik \u00e7at\u0131 & cephe \u00e7\u00f6z\u00fcmleri. Galvanizli ve boyal\u0131 se\u00e7enekleriyle h\u0131zl\u0131 montaj, uzun \u00f6m\u00fcr.","breadcrumb":{"@id":"https:\/\/bursadefnemetal.com\/index.php\/urun\/27-200-form-boyali-galvanizli-trapez-sac\/#breadcrumb"},"inLanguage":"tr","potentialAction":[{"@type":"ReadAction","target":["https:\/\/bursadefnemetal.com\/index.php\/urun\/27-200-form-boyali-galvanizli-trapez-sac\/"]}]},{"@type":"ImageObject","inLanguage":"tr","@id":"https:\/\/bursadefnemetal.com\/index.php\/urun\/27-200-form-boyali-galvanizli-trapez-sac\/#primaryimage","url":"https:\/\/bursadefnemetal.com\/wp-content\/uploads\/2025\/07\/trapez-7.jpg","contentUrl":"https:\/\/bursadefnemetal.com\/wp-content\/uploads\/2025\/07\/trapez-7.jpg","width":700,"height":800},{"@type":"BreadcrumbList","@id":"https:\/\/bursadefnemetal.com\/index.php\/urun\/27-200-form-boyali-galvanizli-trapez-sac\/#breadcrumb","itemListElement":[{"@type":"ListItem","position":1,"name":"Anasayfa","item":"https:\/\/bursadefnemetal.com\/"},{"@type":"ListItem","position":2,"name":"Shop","item":"https:\/\/bursadefnemetal.com\/index.php\/shop\/"},{"@type":"ListItem","position":3,"name":"27\/200 Form Boyal\u0131 &#038; Galvanizli Trapez Sac"}]},{"@type":"WebSite","@id":"https:\/\/bursadefnemetal.com\/#website","url":"https:\/\/bursadefnemetal.com\/","name":"Bursa Defne Metal","description":"","potentialAction":[{"@type":"SearchAction","target":{"@type":"EntryPoint","urlTemplate":"https:\/\/bursadefnemetal.com\/?s={search_term_string}"},"query-input":{"@type":"PropertyValueSpecification","valueRequired":true,"valueName":"search_term_string"}}],"inLanguage":"tr"}]}},"_links":{"self":[{"href":"https:\/\/bursadefnemetal.com\/index.php\/wp-json\/wp\/v2\/product\/29156","targetHints":{"allow":["GET"]}}],"collection":[{"href":"https:\/\/bursadefnemetal.com\/index.php\/wp-json\/wp\/v2\/product"}],"about":[{"href":"https:\/\/bursadefnemetal.com\/index.php\/wp-json\/wp\/v2\/types\/product"}],"replies":[{"embeddable":true,"href":"https:\/\/bursadefnemetal.com\/index.php\/wp-json\/wp\/v2\/comments?post=29156"}],"version-history":[{"count":5,"href":"https:\/\/bursadefnemetal.com\/index.php\/wp-json\/wp\/v2\/product\/29156\/revisions"}],"predecessor-version":[{"id":29394,"href":"https:\/\/bursadefnemetal.com\/index.php\/wp-json\/wp\/v2\/product\/29156\/revisions\/29394"}],"wp:featuredmedia":[{"embeddable":true,"href":"https:\/\/bursadefnemetal.com\/index.php\/wp-json\/wp\/v2\/media\/29146"}],"wp:attachment":[{"href":"https:\/\/bursadefnemetal.com\/index.php\/wp-json\/wp\/v2\/media?parent=29156"}],"wp:term":[{"taxonomy":"product_brand","embeddable":true,"href":"https:\/\/bursadefnemetal.com\/index.php\/wp-json\/wp\/v2\/product_brand?post=29156"},{"taxonomy":"product_cat","embeddable":true,"href":"https:\/\/bursadefnemetal.com\/index.php\/wp-json\/wp\/v2\/product_cat?post=29156"},{"taxonomy":"product_tag","embeddable":true,"href":"https:\/\/bursadefnemetal.com\/index.php\/wp-json\/wp\/v2\/product_tag?post=29156"}],"curies":[{"name":"wp","href":"https:\/\/api.w.org\/{rel}","templated":true}]}}