{"id":29201,"date":"2025-07-22T16:52:13","date_gmt":"2025-07-22T13:52:13","guid":{"rendered":"https:\/\/bursadefnemetal.com\/?post_type=product&#038;p=29201"},"modified":"2025-08-12T16:23:12","modified_gmt":"2025-08-12T13:23:12","slug":"27-200-bitumlu-sunger","status":"publish","type":"product","link":"https:\/\/bursadefnemetal.com\/index.php\/urun\/27-200-bitumlu-sunger\/","title":{"rendered":"27\/200  Bit\u00fcml\u00fc S\u00fcnger"},"content":{"rendered":"\t\t<div data-elementor-type=\"wp-post\" data-elementor-id=\"29201\" class=\"elementor elementor-29201\">\n\t\t\t\t<div class=\"wd-negative-gap elementor-element elementor-element-997cfae e-flex e-con-boxed e-con e-parent\" data-id=\"997cfae\" data-element_type=\"container\">\n\t\t\t\t\t<div class=\"e-con-inner\">\n\t\t<div class=\"elementor-element elementor-element-67d4c92 e-con-full e-flex e-con e-child\" data-id=\"67d4c92\" data-element_type=\"container\">\n\t\t\t\t<div class=\"elementor-element elementor-element-ebb40a2 elementor-widget elementor-widget-wd_text_block\" data-id=\"ebb40a2\" data-element_type=\"widget\" data-widget_type=\"wd_text_block.default\">\n\t\t\t\t<div class=\"elementor-widget-container\">\n\t\t\t\t\t\t\t<div class=\"wd-text-block reset-last-child text-left\">\n\t\t\t\n\t\t\t<h3 data-start=\"232\" data-end=\"259\"><strong data-start=\"239\" data-end=\"259\">Genel \u00d6zellikler<\/strong><\/h3><ul><li data-start=\"319\" data-end=\"435\"><p data-start=\"321\" data-end=\"435\">Bu \u00fcr\u00fcn, 27\/200 formundaki trapez saclara \u00f6zel olarak tasarlanm\u0131\u015f <strong data-start=\"387\" data-end=\"432\">\u015fekil verilmi\u015f bit\u00fcml\u00fc s\u00fcnger panellerdir<\/strong>.<\/p><\/li><li data-start=\"436\" data-end=\"538\"><p data-start=\"438\" data-end=\"538\">S\u00fcnger, trapez formun dalgalar\u0131na tam oturarak maksimum ses yal\u0131t\u0131m\u0131 ve titre\u015fim s\u00f6n\u00fcmleme sa\u011flar.<\/p><\/li><li data-start=\"539\" data-end=\"651\"><p data-start=\"541\" data-end=\"651\"><strong data-start=\"541\" data-end=\"560\">Bit\u00fcm kaplamas\u0131<\/strong>, \u0131s\u0131ya ve neme kar\u015f\u0131 dayan\u0131kl\u0131l\u0131k kazand\u0131r\u0131r, d\u0131\u015f ortam ko\u015fullar\u0131na kar\u015f\u0131 koruma sa\u011flar.<\/p><\/li><li data-start=\"652\" data-end=\"705\"><p data-start=\"654\" data-end=\"705\">Trapez sac alt y\u00fczeyine kolayca yap\u0131\u015ft\u0131r\u0131labilir.<\/p><\/li><li data-start=\"706\" data-end=\"761\"><p data-start=\"708\" data-end=\"761\">Hem <strong data-start=\"712\" data-end=\"730\">akustik konfor<\/strong> hem de <strong data-start=\"738\" data-end=\"754\">termal katk\u0131<\/strong> sunar.<\/p><\/li><\/ul>\n\t\t\t\t\t<\/div>\n\t\t\t\t\t\t<\/div>\n\t\t\t\t<\/div>\n\t\t\t\t<\/div>\n\t\t<div class=\"elementor-element elementor-element-3fed916 e-con-full e-flex e-con e-child\" data-id=\"3fed916\" data-element_type=\"container\">\n\t\t\t\t<div class=\"elementor-element elementor-element-d6c6ca0 color-scheme-inherit text-left elementor-widget elementor-widget-text-editor\" data-id=\"d6c6ca0\" data-element_type=\"widget\" data-widget_type=\"text-editor.default\">\n\t\t\t\t\t\t\t\t\t<h3 data-start=\"1141\" data-end=\"1169\"><strong data-start=\"1148\" data-end=\"1169\">Kullan\u0131m Alanlar\u0131<\/strong><\/h3><ul><li data-start=\"794\" data-end=\"875\"><p data-start=\"796\" data-end=\"875\"><strong data-start=\"796\" data-end=\"830\">Sanayi tipi \u00e7at\u0131 sistemlerinde<\/strong>: Geni\u015f y\u00fczeyli 27\/200 trapez sac altlar\u0131na<\/p><\/li><li data-start=\"876\" data-end=\"950\"><p data-start=\"878\" data-end=\"950\"><strong data-start=\"878\" data-end=\"911\">Jenerat\u00f6r ve makine daireleri<\/strong>: Sac \u00e7at\u0131l\u0131 mekanlarda i\u00e7ten yal\u0131t\u0131m<\/p><\/li><li data-start=\"951\" data-end=\"1012\"><p data-start=\"953\" data-end=\"1012\"><strong data-start=\"953\" data-end=\"983\">Fabrika, depo ve at\u00f6lyeler<\/strong>: G\u00fcr\u00fclt\u00fc kontrol\u00fc amac\u0131yla<\/p><\/li><li data-start=\"1013\" data-end=\"1070\"><p data-start=\"1015\" data-end=\"1070\"><strong data-start=\"1015\" data-end=\"1036\">Ara\u00e7 \u00fcst\u00fc yap\u0131lar<\/strong>, konteyner ve mod\u00fcler ofislerde<\/p><\/li><li data-start=\"1071\" data-end=\"1143\"><p data-start=\"1073\" data-end=\"1143\"><strong data-start=\"1073\" data-end=\"1124\">Ses yal\u0131t\u0131m\u0131 gereken t\u00fcm metal \u00e7at\u0131 kaplamalar\u0131<\/strong> alt\u0131nda kullan\u0131l\u0131r<\/p><\/li><\/ul>\t\t\t\t\t\t\t\t<\/div>\n\t\t\t\t<\/div>\n\t\t<div class=\"elementor-element elementor-element-6ef8290 e-con-full e-flex e-con e-child\" data-id=\"6ef8290\" data-element_type=\"container\">\n\t\t\t\t<div class=\"elementor-element elementor-element-b39b441 elementor-widget elementor-widget-wd_text_block\" data-id=\"b39b441\" data-element_type=\"widget\" data-widget_type=\"wd_text_block.default\">\n\t\t\t\t<div class=\"elementor-widget-container\">\n\t\t\t\t\t\t\t<div class=\"wd-text-block reset-last-child text-left\">\n\t\t\t\n\t\t\t<h3 data-start=\"682\" data-end=\"710\"><strong data-start=\"689\" data-end=\"710\">Teknik \u00d6zellikler<\/strong><\/h3><ul><li data-start=\"1176\" data-end=\"1242\"><p data-start=\"1178\" data-end=\"1242\"><strong data-start=\"1178\" data-end=\"1191\">Uyumluluk<\/strong>: 27\/200 formundaki trapez sac ile birebir uyumlu<\/p><\/li><li data-start=\"1243\" data-end=\"1302\"><p data-start=\"1245\" data-end=\"1302\"><strong data-start=\"1245\" data-end=\"1263\">Malzeme yap\u0131s\u0131<\/strong>: Poli\u00fcretan s\u00fcnger + bit\u00fcml\u00fc kaplama<\/p><\/li><li data-start=\"1303\" data-end=\"1351\"><p data-start=\"1305\" data-end=\"1351\"><strong data-start=\"1305\" data-end=\"1317\">Kal\u0131nl\u0131k<\/strong>: Genellikle 10 mm \u2013 30 mm aras\u0131<\/p><\/li><li data-start=\"1352\" data-end=\"1384\"><p data-start=\"1354\" data-end=\"1384\"><strong data-start=\"1354\" data-end=\"1366\">Yo\u011funluk<\/strong>: 80 \u2013 120 kg\/m\u00b3<\/p><\/li><li data-start=\"1385\" data-end=\"1450\"><p data-start=\"1387\" data-end=\"1450\"><strong data-start=\"1387\" data-end=\"1403\">Ses yal\u0131t\u0131m\u0131<\/strong>: 25 \u2013 35 dB aras\u0131 (s\u00fcnger kal\u0131nl\u0131\u011f\u0131na ba\u011fl\u0131)<\/p><\/li><li data-start=\"1451\" data-end=\"1521\"><p data-start=\"1453\" data-end=\"1521\"><strong data-start=\"1453\" data-end=\"1469\">Montaj \u015fekli<\/strong>: \u00d6zel yap\u0131\u015ft\u0131r\u0131c\u0131 ile trapez sac alt\u0131na uygulan\u0131r<\/p><\/li><li data-start=\"1522\" data-end=\"1585\"><p data-start=\"1524\" data-end=\"1585\"><strong data-start=\"1524\" data-end=\"1551\">Rulo veya plaka halinde<\/strong>: Talebe g\u00f6re \u00fcretim yap\u0131labilir<\/p><\/li><li data-start=\"1586\" data-end=\"1655\"><p data-start=\"1588\" data-end=\"1655\"><strong data-start=\"1588\" data-end=\"1607\">Yang\u0131n dayan\u0131m\u0131<\/strong>: Alev ilerletmez (iste\u011fe g\u00f6re B1 s\u0131n\u0131f\u0131 \u00fcretim)<\/p><\/li><\/ul>\n\t\t\t\t\t<\/div>\n\t\t\t\t\t\t<\/div>\n\t\t\t\t<\/div>\n\t\t\t\t<\/div>\n\t\t\t\t\t<\/div>\n\t\t\t\t<\/div>\n\t\t\t\t<\/div>\n\t\t","protected":false},"excerpt":{"rendered":"<p>Genel \u00d6zellikler Bu \u00fcr\u00fcn, 27\/200 formundaki trapez saclara \u00f6zel olarak tasarlanm\u0131\u015f \u015fekil verilmi\u015f bit\u00fcml\u00fc s\u00fcnger panellerdir. S\u00fcnger, trapez formun dalgalar\u0131na<\/p>\n","protected":false},"featured_media":29206,"comment_status":"open","ping_status":"closed","template":"","meta":[],"product_brand":[],"product_cat":[92,90,21],"product_tag":[],"class_list":{"0":"post-29201","1":"product","2":"type-product","3":"status-publish","4":"has-post-thumbnail","6":"product_cat-aksesuarlar","7":"product_cat-cati-aksesuarlari","8":"product_cat-tum-urunler","10":"first","11":"instock","12":"shipping-taxable","13":"product-type-simple"},"yoast_head":"<!-- This site is optimized with the Yoast SEO plugin v25.7 - https:\/\/yoast.com\/wordpress\/plugins\/seo\/ -->\n<title>27\/200 Bit\u00fcml\u00fc S\u00fcnger - Bursa Defne Metal<\/title>\n<meta name=\"description\" content=\"27\/200 forma sahip trapez saclara \u00f6zel bit\u00fcml\u00fc s\u00fcnger ile \u00fcst\u00fcn ses ve titre\u015fim yal\u0131t\u0131m\u0131. End\u00fcstriyel \u00e7at\u0131lar i\u00e7in \u00f6zel formda tasarlanm\u0131\u015ft\u0131r.\" \/>\n<meta name=\"robots\" content=\"index, follow, max-snippet:-1, max-image-preview:large, max-video-preview:-1\" \/>\n<link rel=\"canonical\" href=\"https:\/\/bursadefnemetal.com\/index.php\/urun\/27-200-bitumlu-sunger\/\" \/>\n<meta property=\"og:locale\" content=\"tr_TR\" \/>\n<meta property=\"og:type\" content=\"article\" \/>\n<meta property=\"og:title\" content=\"27\/200 Bit\u00fcml\u00fc S\u00fcnger - Bursa Defne Metal\" \/>\n<meta property=\"og:description\" content=\"27\/200 forma sahip trapez saclara \u00f6zel bit\u00fcml\u00fc s\u00fcnger ile \u00fcst\u00fcn ses ve titre\u015fim yal\u0131t\u0131m\u0131. End\u00fcstriyel \u00e7at\u0131lar i\u00e7in \u00f6zel formda tasarlanm\u0131\u015ft\u0131r.\" \/>\n<meta property=\"og:url\" content=\"https:\/\/bursadefnemetal.com\/index.php\/urun\/27-200-bitumlu-sunger\/\" \/>\n<meta property=\"og:site_name\" content=\"Bursa Defne Metal\" \/>\n<meta property=\"article:modified_time\" content=\"2025-08-12T13:23:12+00:00\" \/>\n<meta property=\"og:image\" content=\"https:\/\/bursadefnemetal.com\/wp-content\/uploads\/2025\/07\/bitumlu-sunger-2-1.jpg\" \/>\n\t<meta property=\"og:image:width\" content=\"700\" \/>\n\t<meta property=\"og:image:height\" content=\"800\" \/>\n\t<meta property=\"og:image:type\" content=\"image\/jpeg\" \/>\n<meta name=\"twitter:card\" content=\"summary_large_image\" \/>\n<meta name=\"twitter:label1\" content=\"Tahmini okuma s\u00fcresi\" \/>\n\t<meta name=\"twitter:data1\" content=\"2 dakika\" \/>\n<script type=\"application\/ld+json\" class=\"yoast-schema-graph\">{\"@context\":\"https:\/\/schema.org\",\"@graph\":[{\"@type\":\"WebPage\",\"@id\":\"https:\/\/bursadefnemetal.com\/index.php\/urun\/27-200-bitumlu-sunger\/\",\"url\":\"https:\/\/bursadefnemetal.com\/index.php\/urun\/27-200-bitumlu-sunger\/\",\"name\":\"27\/200 Bit\u00fcml\u00fc S\u00fcnger - Bursa Defne Metal\",\"isPartOf\":{\"@id\":\"https:\/\/bursadefnemetal.com\/#website\"},\"primaryImageOfPage\":{\"@id\":\"https:\/\/bursadefnemetal.com\/index.php\/urun\/27-200-bitumlu-sunger\/#primaryimage\"},\"image\":{\"@id\":\"https:\/\/bursadefnemetal.com\/index.php\/urun\/27-200-bitumlu-sunger\/#primaryimage\"},\"thumbnailUrl\":\"https:\/\/bursadefnemetal.com\/wp-content\/uploads\/2025\/07\/bitumlu-sunger-2-1.jpg\",\"datePublished\":\"2025-07-22T13:52:13+00:00\",\"dateModified\":\"2025-08-12T13:23:12+00:00\",\"description\":\"27\/200 forma sahip trapez saclara \u00f6zel bit\u00fcml\u00fc s\u00fcnger ile \u00fcst\u00fcn ses ve titre\u015fim yal\u0131t\u0131m\u0131. End\u00fcstriyel \u00e7at\u0131lar i\u00e7in \u00f6zel formda tasarlanm\u0131\u015ft\u0131r.\",\"breadcrumb\":{\"@id\":\"https:\/\/bursadefnemetal.com\/index.php\/urun\/27-200-bitumlu-sunger\/#breadcrumb\"},\"inLanguage\":\"tr\",\"potentialAction\":[{\"@type\":\"ReadAction\",\"target\":[\"https:\/\/bursadefnemetal.com\/index.php\/urun\/27-200-bitumlu-sunger\/\"]}]},{\"@type\":\"ImageObject\",\"inLanguage\":\"tr\",\"@id\":\"https:\/\/bursadefnemetal.com\/index.php\/urun\/27-200-bitumlu-sunger\/#primaryimage\",\"url\":\"https:\/\/bursadefnemetal.com\/wp-content\/uploads\/2025\/07\/bitumlu-sunger-2-1.jpg\",\"contentUrl\":\"https:\/\/bursadefnemetal.com\/wp-content\/uploads\/2025\/07\/bitumlu-sunger-2-1.jpg\",\"width\":700,\"height\":800},{\"@type\":\"BreadcrumbList\",\"@id\":\"https:\/\/bursadefnemetal.com\/index.php\/urun\/27-200-bitumlu-sunger\/#breadcrumb\",\"itemListElement\":[{\"@type\":\"ListItem\",\"position\":1,\"name\":\"Anasayfa\",\"item\":\"https:\/\/bursadefnemetal.com\/\"},{\"@type\":\"ListItem\",\"position\":2,\"name\":\"Shop\",\"item\":\"https:\/\/bursadefnemetal.com\/index.php\/shop\/\"},{\"@type\":\"ListItem\",\"position\":3,\"name\":\"27\/200 Bit\u00fcml\u00fc S\u00fcnger\"}]},{\"@type\":\"WebSite\",\"@id\":\"https:\/\/bursadefnemetal.com\/#website\",\"url\":\"https:\/\/bursadefnemetal.com\/\",\"name\":\"Bursa Defne Metal\",\"description\":\"\",\"potentialAction\":[{\"@type\":\"SearchAction\",\"target\":{\"@type\":\"EntryPoint\",\"urlTemplate\":\"https:\/\/bursadefnemetal.com\/?s={search_term_string}\"},\"query-input\":{\"@type\":\"PropertyValueSpecification\",\"valueRequired\":true,\"valueName\":\"search_term_string\"}}],\"inLanguage\":\"tr\"}]}<\/script>\n<!-- \/ Yoast SEO plugin. -->","yoast_head_json":{"title":"27\/200 Bit\u00fcml\u00fc S\u00fcnger - Bursa Defne Metal","description":"27\/200 forma sahip trapez saclara \u00f6zel bit\u00fcml\u00fc s\u00fcnger ile \u00fcst\u00fcn ses ve titre\u015fim yal\u0131t\u0131m\u0131. End\u00fcstriyel \u00e7at\u0131lar i\u00e7in \u00f6zel formda tasarlanm\u0131\u015ft\u0131r.","robots":{"index":"index","follow":"follow","max-snippet":"max-snippet:-1","max-image-preview":"max-image-preview:large","max-video-preview":"max-video-preview:-1"},"canonical":"https:\/\/bursadefnemetal.com\/index.php\/urun\/27-200-bitumlu-sunger\/","og_locale":"tr_TR","og_type":"article","og_title":"27\/200 Bit\u00fcml\u00fc S\u00fcnger - Bursa Defne Metal","og_description":"27\/200 forma sahip trapez saclara \u00f6zel bit\u00fcml\u00fc s\u00fcnger ile \u00fcst\u00fcn ses ve titre\u015fim yal\u0131t\u0131m\u0131. End\u00fcstriyel \u00e7at\u0131lar i\u00e7in \u00f6zel formda tasarlanm\u0131\u015ft\u0131r.","og_url":"https:\/\/bursadefnemetal.com\/index.php\/urun\/27-200-bitumlu-sunger\/","og_site_name":"Bursa Defne Metal","article_modified_time":"2025-08-12T13:23:12+00:00","og_image":[{"width":700,"height":800,"url":"https:\/\/bursadefnemetal.com\/wp-content\/uploads\/2025\/07\/bitumlu-sunger-2-1.jpg","type":"image\/jpeg"}],"twitter_card":"summary_large_image","twitter_misc":{"Tahmini okuma s\u00fcresi":"2 dakika"},"schema":{"@context":"https:\/\/schema.org","@graph":[{"@type":"WebPage","@id":"https:\/\/bursadefnemetal.com\/index.php\/urun\/27-200-bitumlu-sunger\/","url":"https:\/\/bursadefnemetal.com\/index.php\/urun\/27-200-bitumlu-sunger\/","name":"27\/200 Bit\u00fcml\u00fc S\u00fcnger - Bursa Defne Metal","isPartOf":{"@id":"https:\/\/bursadefnemetal.com\/#website"},"primaryImageOfPage":{"@id":"https:\/\/bursadefnemetal.com\/index.php\/urun\/27-200-bitumlu-sunger\/#primaryimage"},"image":{"@id":"https:\/\/bursadefnemetal.com\/index.php\/urun\/27-200-bitumlu-sunger\/#primaryimage"},"thumbnailUrl":"https:\/\/bursadefnemetal.com\/wp-content\/uploads\/2025\/07\/bitumlu-sunger-2-1.jpg","datePublished":"2025-07-22T13:52:13+00:00","dateModified":"2025-08-12T13:23:12+00:00","description":"27\/200 forma sahip trapez saclara \u00f6zel bit\u00fcml\u00fc s\u00fcnger ile \u00fcst\u00fcn ses ve titre\u015fim yal\u0131t\u0131m\u0131. End\u00fcstriyel \u00e7at\u0131lar i\u00e7in \u00f6zel formda tasarlanm\u0131\u015ft\u0131r.","breadcrumb":{"@id":"https:\/\/bursadefnemetal.com\/index.php\/urun\/27-200-bitumlu-sunger\/#breadcrumb"},"inLanguage":"tr","potentialAction":[{"@type":"ReadAction","target":["https:\/\/bursadefnemetal.com\/index.php\/urun\/27-200-bitumlu-sunger\/"]}]},{"@type":"ImageObject","inLanguage":"tr","@id":"https:\/\/bursadefnemetal.com\/index.php\/urun\/27-200-bitumlu-sunger\/#primaryimage","url":"https:\/\/bursadefnemetal.com\/wp-content\/uploads\/2025\/07\/bitumlu-sunger-2-1.jpg","contentUrl":"https:\/\/bursadefnemetal.com\/wp-content\/uploads\/2025\/07\/bitumlu-sunger-2-1.jpg","width":700,"height":800},{"@type":"BreadcrumbList","@id":"https:\/\/bursadefnemetal.com\/index.php\/urun\/27-200-bitumlu-sunger\/#breadcrumb","itemListElement":[{"@type":"ListItem","position":1,"name":"Anasayfa","item":"https:\/\/bursadefnemetal.com\/"},{"@type":"ListItem","position":2,"name":"Shop","item":"https:\/\/bursadefnemetal.com\/index.php\/shop\/"},{"@type":"ListItem","position":3,"name":"27\/200 Bit\u00fcml\u00fc S\u00fcnger"}]},{"@type":"WebSite","@id":"https:\/\/bursadefnemetal.com\/#website","url":"https:\/\/bursadefnemetal.com\/","name":"Bursa Defne Metal","description":"","potentialAction":[{"@type":"SearchAction","target":{"@type":"EntryPoint","urlTemplate":"https:\/\/bursadefnemetal.com\/?s={search_term_string}"},"query-input":{"@type":"PropertyValueSpecification","valueRequired":true,"valueName":"search_term_string"}}],"inLanguage":"tr"}]}},"_links":{"self":[{"href":"https:\/\/bursadefnemetal.com\/index.php\/wp-json\/wp\/v2\/product\/29201","targetHints":{"allow":["GET"]}}],"collection":[{"href":"https:\/\/bursadefnemetal.com\/index.php\/wp-json\/wp\/v2\/product"}],"about":[{"href":"https:\/\/bursadefnemetal.com\/index.php\/wp-json\/wp\/v2\/types\/product"}],"replies":[{"embeddable":true,"href":"https:\/\/bursadefnemetal.com\/index.php\/wp-json\/wp\/v2\/comments?post=29201"}],"version-history":[{"count":5,"href":"https:\/\/bursadefnemetal.com\/index.php\/wp-json\/wp\/v2\/product\/29201\/revisions"}],"predecessor-version":[{"id":29546,"href":"https:\/\/bursadefnemetal.com\/index.php\/wp-json\/wp\/v2\/product\/29201\/revisions\/29546"}],"wp:featuredmedia":[{"embeddable":true,"href":"https:\/\/bursadefnemetal.com\/index.php\/wp-json\/wp\/v2\/media\/29206"}],"wp:attachment":[{"href":"https:\/\/bursadefnemetal.com\/index.php\/wp-json\/wp\/v2\/media?parent=29201"}],"wp:term":[{"taxonomy":"product_brand","embeddable":true,"href":"https:\/\/bursadefnemetal.com\/index.php\/wp-json\/wp\/v2\/product_brand?post=29201"},{"taxonomy":"product_cat","embeddable":true,"href":"https:\/\/bursadefnemetal.com\/index.php\/wp-json\/wp\/v2\/product_cat?post=29201"},{"taxonomy":"product_tag","embeddable":true,"href":"https:\/\/bursadefnemetal.com\/index.php\/wp-json\/wp\/v2\/product_tag?post=29201"}],"curies":[{"name":"wp","href":"https:\/\/api.w.org\/{rel}","templated":true}]}}