{"id":29257,"date":"2025-07-30T12:25:00","date_gmt":"2025-07-30T09:25:00","guid":{"rendered":"https:\/\/bursadefnemetal.com\/?post_type=product&#038;p=29257"},"modified":"2025-07-30T12:32:39","modified_gmt":"2025-07-30T09:32:39","slug":"5-hadveli-gizli-vidali-solar-cati-paneli","status":"publish","type":"product","link":"https:\/\/bursadefnemetal.com\/index.php\/urun\/5-hadveli-gizli-vidali-solar-cati-paneli\/","title":{"rendered":"5 Hadveli Membranl\u0131 \u00c7at\u0131 Paneli"},"content":{"rendered":"\t\t<div data-elementor-type=\"wp-post\" data-elementor-id=\"29257\" class=\"elementor elementor-29257\">\n\t\t\t\t<div class=\"wd-negative-gap elementor-element elementor-element-997cfae e-flex e-con-boxed e-con e-parent\" data-id=\"997cfae\" data-element_type=\"container\">\n\t\t\t\t\t<div class=\"e-con-inner\">\n\t\t<div class=\"elementor-element elementor-element-67d4c92 e-con-full e-flex e-con e-child\" data-id=\"67d4c92\" data-element_type=\"container\">\n\t\t\t\t<div class=\"elementor-element elementor-element-ebb40a2 elementor-widget elementor-widget-wd_text_block\" data-id=\"ebb40a2\" data-element_type=\"widget\" data-widget_type=\"wd_text_block.default\">\n\t\t\t\t<div class=\"elementor-widget-container\">\n\t\t\t\t\t\t\t<div class=\"wd-text-block reset-last-child text-left\">\n\t\t\t\n\t\t\t<h3 data-start=\"232\" data-end=\"259\"><strong data-start=\"239\" data-end=\"259\">Genel \u00d6zellikler<\/strong><\/h3><ul><li data-start=\"182\" data-end=\"240\"><p data-start=\"184\" data-end=\"240\">Y\u00fcksek \u0131s\u0131 yal\u0131t\u0131m\u0131 sa\u011flayan PUR veya PIR dolgulu yap\u0131<\/p><\/li><li data-start=\"241\" data-end=\"296\"><p data-start=\"243\" data-end=\"296\">3 hadveli form ile su tahliyesi ve mukavemet art\u0131\u015f\u0131<\/p><\/li><li data-start=\"297\" data-end=\"345\"><p data-start=\"299\" data-end=\"345\">Hafif yap\u0131s\u0131yla kolay ve h\u0131zl\u0131 montaj imk\u00e2n\u0131<\/p><\/li><li data-start=\"346\" data-end=\"398\"><p data-start=\"348\" data-end=\"398\">Korozyona dayan\u0131kl\u0131 boyal\u0131 galvaniz sac y\u00fczeyler<\/p><\/li><li data-start=\"399\" data-end=\"442\"><p data-start=\"401\" data-end=\"442\">Estetik g\u00f6r\u00fcn\u00fcm ve uzun \u00f6m\u00fcrl\u00fc kullan\u0131m<\/p><\/li><\/ul>\n\t\t\t\t\t<\/div>\n\t\t\t\t\t\t<\/div>\n\t\t\t\t<\/div>\n\t\t\t\t<\/div>\n\t\t<div class=\"elementor-element elementor-element-3fed916 e-con-full e-flex e-con e-child\" data-id=\"3fed916\" data-element_type=\"container\">\n\t\t\t\t<div class=\"elementor-element elementor-element-d6c6ca0 color-scheme-inherit text-left elementor-widget elementor-widget-text-editor\" data-id=\"d6c6ca0\" data-element_type=\"widget\" data-widget_type=\"text-editor.default\">\n\t\t\t\t\t\t\t\t\t<h3 data-start=\"1141\" data-end=\"1169\"><strong data-start=\"1148\" data-end=\"1169\">Kullan\u0131m Alanlar\u0131<\/strong><\/h3><ul><li data-start=\"473\" data-end=\"516\"><p data-start=\"475\" data-end=\"516\">End\u00fcstriyel tesislerin \u00e7at\u0131 kaplamalar\u0131<\/p><\/li><li data-start=\"517\" data-end=\"553\"><p data-start=\"519\" data-end=\"553\">Fabrika, depo ve \u00fcretim binalar\u0131<\/p><\/li><li data-start=\"554\" data-end=\"594\"><p data-start=\"556\" data-end=\"594\">Tar\u0131m yap\u0131lar\u0131 ve hayvan bar\u0131naklar\u0131<\/p><\/li><li data-start=\"595\" data-end=\"636\"><p data-start=\"597\" data-end=\"636\">So\u011fuk hava depolar\u0131 ve g\u0131da tesisleri<\/p><\/li><li data-start=\"637\" data-end=\"687\"><p data-start=\"639\" data-end=\"687\">Enerji ve altyap\u0131 projelerinde \u00e7at\u0131 sistemleri<\/p><\/li><\/ul>\t\t\t\t\t\t\t\t<\/div>\n\t\t\t\t<\/div>\n\t\t<div class=\"elementor-element elementor-element-6ef8290 e-con-full e-flex e-con e-child\" data-id=\"6ef8290\" data-element_type=\"container\">\n\t\t\t\t<div class=\"elementor-element elementor-element-b39b441 elementor-widget elementor-widget-wd_text_block\" data-id=\"b39b441\" data-element_type=\"widget\" data-widget_type=\"wd_text_block.default\">\n\t\t\t\t<div class=\"elementor-widget-container\">\n\t\t\t\t\t\t\t<div class=\"wd-text-block reset-last-child text-left\">\n\t\t\t\n\t\t\t<h3 data-start=\"682\" data-end=\"710\"><strong data-start=\"689\" data-end=\"710\">Teknik \u00d6zellikler<\/strong><\/h3><ul><li data-start=\"716\" data-end=\"773\"><p data-start=\"718\" data-end=\"773\">Panel kal\u0131nl\u0131\u011f\u0131: 40 \/ 50 \/ 60 \/ 80 \/ 100 mm se\u00e7enekli<\/p><\/li><li data-start=\"774\" data-end=\"831\"><p data-start=\"776\" data-end=\"831\">Kaplama: Boyal\u0131 galvanizli sac (RAL renk se\u00e7enekleri)<\/p><\/li><li data-start=\"832\" data-end=\"882\"><p data-start=\"834\" data-end=\"882\">Is\u0131 iletkenlik katsay\u0131s\u0131: \u03bb \u2248 0.022 W\/mK (PUR)<\/p><\/li><li data-start=\"883\" data-end=\"926\"><p data-start=\"885\" data-end=\"926\">Yang\u0131n s\u0131n\u0131f\u0131: B-s2-d0 (PIR dolgu i\u00e7in)<\/p><\/li><li data-start=\"927\" data-end=\"980\"><p data-start=\"929\" data-end=\"980\">Hadve formu: 3 trapezli, y\u00fcksek ta\u015f\u0131ma kapasitesi<\/p><\/li><\/ul>\n\t\t\t\t\t<\/div>\n\t\t\t\t\t\t<\/div>\n\t\t\t\t<\/div>\n\t\t\t\t<\/div>\n\t\t\t\t\t<\/div>\n\t\t\t\t<\/div>\n\t\t\t\t<\/div>\n\t\t","protected":false},"excerpt":{"rendered":"<p style=\"color: red;\">Bu \u00fcr\u00fcn ma\u011fazam\u0131zda sat\u0131lmaktad\u0131r. Fiyat bilgisi i\u00e7in teklif isteyiniz.<\/p>\n","protected":false},"featured_media":29263,"comment_status":"open","ping_status":"closed","template":"","meta":[],"product_brand":[],"product_cat":[84,87],"product_tag":[],"class_list":{"0":"post-29257","1":"product","2":"type-product","3":"status-publish","4":"has-post-thumbnail","6":"product_cat-cati-panelleri","7":"product_cat-sandvic-paneller","9":"first","10":"instock","11":"shipping-taxable","12":"product-type-simple"},"yoast_head":"<!-- This site is optimized with the Yoast SEO plugin v25.7 - https:\/\/yoast.com\/wordpress\/plugins\/seo\/ -->\n<title>5 Hadveli Membranl\u0131 \u00c7at\u0131 Paneli - Bursa Defne Metal<\/title>\n<meta name=\"description\" content=\"Y\u00fcksek dayan\u0131kl\u0131l\u0131\u011fa sahip 5 hadveli membranl\u0131 \u00e7at\u0131 paneli. Su yal\u0131t\u0131m\u0131, \u0131s\u0131 yal\u0131t\u0131m\u0131 ve uzun \u00f6m\u00fcrl\u00fc kullan\u0131m sunar. End\u00fcstriyel ve ticari \u00e7at\u0131lar i\u00e7in ideal.\" \/>\n<meta name=\"robots\" content=\"index, follow, max-snippet:-1, max-image-preview:large, max-video-preview:-1\" \/>\n<link rel=\"canonical\" href=\"https:\/\/bursadefnemetal.com\/index.php\/urun\/5-hadveli-gizli-vidali-solar-cati-paneli\/\" \/>\n<meta property=\"og:locale\" content=\"tr_TR\" \/>\n<meta property=\"og:type\" content=\"article\" \/>\n<meta property=\"og:title\" content=\"5 Hadveli Membranl\u0131 \u00c7at\u0131 Paneli - Bursa Defne Metal\" \/>\n<meta property=\"og:description\" content=\"Y\u00fcksek dayan\u0131kl\u0131l\u0131\u011fa sahip 5 hadveli membranl\u0131 \u00e7at\u0131 paneli. Su yal\u0131t\u0131m\u0131, \u0131s\u0131 yal\u0131t\u0131m\u0131 ve uzun \u00f6m\u00fcrl\u00fc kullan\u0131m sunar. End\u00fcstriyel ve ticari \u00e7at\u0131lar i\u00e7in ideal.\" \/>\n<meta property=\"og:url\" content=\"https:\/\/bursadefnemetal.com\/index.php\/urun\/5-hadveli-gizli-vidali-solar-cati-paneli\/\" \/>\n<meta property=\"og:site_name\" content=\"Bursa Defne Metal\" \/>\n<meta property=\"article:modified_time\" content=\"2025-07-30T09:32:39+00:00\" \/>\n<meta property=\"og:image\" content=\"https:\/\/bursadefnemetal.com\/wp-content\/uploads\/2025\/07\/mebran-panel-1.jpg\" \/>\n\t<meta property=\"og:image:width\" content=\"700\" \/>\n\t<meta property=\"og:image:height\" content=\"800\" \/>\n\t<meta property=\"og:image:type\" content=\"image\/jpeg\" \/>\n<meta name=\"twitter:card\" content=\"summary_large_image\" \/>\n<meta name=\"twitter:label1\" content=\"Tahmini okuma s\u00fcresi\" \/>\n\t<meta name=\"twitter:data1\" content=\"1 dakika\" \/>\n<script type=\"application\/ld+json\" class=\"yoast-schema-graph\">{\"@context\":\"https:\/\/schema.org\",\"@graph\":[{\"@type\":\"WebPage\",\"@id\":\"https:\/\/bursadefnemetal.com\/index.php\/urun\/5-hadveli-gizli-vidali-solar-cati-paneli\/\",\"url\":\"https:\/\/bursadefnemetal.com\/index.php\/urun\/5-hadveli-gizli-vidali-solar-cati-paneli\/\",\"name\":\"5 Hadveli Membranl\u0131 \u00c7at\u0131 Paneli - Bursa Defne Metal\",\"isPartOf\":{\"@id\":\"https:\/\/bursadefnemetal.com\/#website\"},\"primaryImageOfPage\":{\"@id\":\"https:\/\/bursadefnemetal.com\/index.php\/urun\/5-hadveli-gizli-vidali-solar-cati-paneli\/#primaryimage\"},\"image\":{\"@id\":\"https:\/\/bursadefnemetal.com\/index.php\/urun\/5-hadveli-gizli-vidali-solar-cati-paneli\/#primaryimage\"},\"thumbnailUrl\":\"https:\/\/bursadefnemetal.com\/wp-content\/uploads\/2025\/07\/mebran-panel-1.jpg\",\"datePublished\":\"2025-07-30T09:25:00+00:00\",\"dateModified\":\"2025-07-30T09:32:39+00:00\",\"description\":\"Y\u00fcksek dayan\u0131kl\u0131l\u0131\u011fa sahip 5 hadveli membranl\u0131 \u00e7at\u0131 paneli. Su yal\u0131t\u0131m\u0131, \u0131s\u0131 yal\u0131t\u0131m\u0131 ve uzun \u00f6m\u00fcrl\u00fc kullan\u0131m sunar. End\u00fcstriyel ve ticari \u00e7at\u0131lar i\u00e7in ideal.\",\"breadcrumb\":{\"@id\":\"https:\/\/bursadefnemetal.com\/index.php\/urun\/5-hadveli-gizli-vidali-solar-cati-paneli\/#breadcrumb\"},\"inLanguage\":\"tr\",\"potentialAction\":[{\"@type\":\"ReadAction\",\"target\":[\"https:\/\/bursadefnemetal.com\/index.php\/urun\/5-hadveli-gizli-vidali-solar-cati-paneli\/\"]}]},{\"@type\":\"ImageObject\",\"inLanguage\":\"tr\",\"@id\":\"https:\/\/bursadefnemetal.com\/index.php\/urun\/5-hadveli-gizli-vidali-solar-cati-paneli\/#primaryimage\",\"url\":\"https:\/\/bursadefnemetal.com\/wp-content\/uploads\/2025\/07\/mebran-panel-1.jpg\",\"contentUrl\":\"https:\/\/bursadefnemetal.com\/wp-content\/uploads\/2025\/07\/mebran-panel-1.jpg\",\"width\":700,\"height\":800},{\"@type\":\"BreadcrumbList\",\"@id\":\"https:\/\/bursadefnemetal.com\/index.php\/urun\/5-hadveli-gizli-vidali-solar-cati-paneli\/#breadcrumb\",\"itemListElement\":[{\"@type\":\"ListItem\",\"position\":1,\"name\":\"Anasayfa\",\"item\":\"https:\/\/bursadefnemetal.com\/\"},{\"@type\":\"ListItem\",\"position\":2,\"name\":\"Shop\",\"item\":\"https:\/\/bursadefnemetal.com\/index.php\/shop\/\"},{\"@type\":\"ListItem\",\"position\":3,\"name\":\"5 Hadveli Membranl\u0131 \u00c7at\u0131 Paneli\"}]},{\"@type\":\"WebSite\",\"@id\":\"https:\/\/bursadefnemetal.com\/#website\",\"url\":\"https:\/\/bursadefnemetal.com\/\",\"name\":\"Bursa Defne Metal\",\"description\":\"\",\"potentialAction\":[{\"@type\":\"SearchAction\",\"target\":{\"@type\":\"EntryPoint\",\"urlTemplate\":\"https:\/\/bursadefnemetal.com\/?s={search_term_string}\"},\"query-input\":{\"@type\":\"PropertyValueSpecification\",\"valueRequired\":true,\"valueName\":\"search_term_string\"}}],\"inLanguage\":\"tr\"}]}<\/script>\n<!-- \/ Yoast SEO plugin. -->","yoast_head_json":{"title":"5 Hadveli Membranl\u0131 \u00c7at\u0131 Paneli - Bursa Defne Metal","description":"Y\u00fcksek dayan\u0131kl\u0131l\u0131\u011fa sahip 5 hadveli membranl\u0131 \u00e7at\u0131 paneli. Su yal\u0131t\u0131m\u0131, \u0131s\u0131 yal\u0131t\u0131m\u0131 ve uzun \u00f6m\u00fcrl\u00fc kullan\u0131m sunar. End\u00fcstriyel ve ticari \u00e7at\u0131lar i\u00e7in ideal.","robots":{"index":"index","follow":"follow","max-snippet":"max-snippet:-1","max-image-preview":"max-image-preview:large","max-video-preview":"max-video-preview:-1"},"canonical":"https:\/\/bursadefnemetal.com\/index.php\/urun\/5-hadveli-gizli-vidali-solar-cati-paneli\/","og_locale":"tr_TR","og_type":"article","og_title":"5 Hadveli Membranl\u0131 \u00c7at\u0131 Paneli - Bursa Defne Metal","og_description":"Y\u00fcksek dayan\u0131kl\u0131l\u0131\u011fa sahip 5 hadveli membranl\u0131 \u00e7at\u0131 paneli. Su yal\u0131t\u0131m\u0131, \u0131s\u0131 yal\u0131t\u0131m\u0131 ve uzun \u00f6m\u00fcrl\u00fc kullan\u0131m sunar. End\u00fcstriyel ve ticari \u00e7at\u0131lar i\u00e7in ideal.","og_url":"https:\/\/bursadefnemetal.com\/index.php\/urun\/5-hadveli-gizli-vidali-solar-cati-paneli\/","og_site_name":"Bursa Defne Metal","article_modified_time":"2025-07-30T09:32:39+00:00","og_image":[{"width":700,"height":800,"url":"https:\/\/bursadefnemetal.com\/wp-content\/uploads\/2025\/07\/mebran-panel-1.jpg","type":"image\/jpeg"}],"twitter_card":"summary_large_image","twitter_misc":{"Tahmini okuma s\u00fcresi":"1 dakika"},"schema":{"@context":"https:\/\/schema.org","@graph":[{"@type":"WebPage","@id":"https:\/\/bursadefnemetal.com\/index.php\/urun\/5-hadveli-gizli-vidali-solar-cati-paneli\/","url":"https:\/\/bursadefnemetal.com\/index.php\/urun\/5-hadveli-gizli-vidali-solar-cati-paneli\/","name":"5 Hadveli Membranl\u0131 \u00c7at\u0131 Paneli - Bursa Defne Metal","isPartOf":{"@id":"https:\/\/bursadefnemetal.com\/#website"},"primaryImageOfPage":{"@id":"https:\/\/bursadefnemetal.com\/index.php\/urun\/5-hadveli-gizli-vidali-solar-cati-paneli\/#primaryimage"},"image":{"@id":"https:\/\/bursadefnemetal.com\/index.php\/urun\/5-hadveli-gizli-vidali-solar-cati-paneli\/#primaryimage"},"thumbnailUrl":"https:\/\/bursadefnemetal.com\/wp-content\/uploads\/2025\/07\/mebran-panel-1.jpg","datePublished":"2025-07-30T09:25:00+00:00","dateModified":"2025-07-30T09:32:39+00:00","description":"Y\u00fcksek dayan\u0131kl\u0131l\u0131\u011fa sahip 5 hadveli membranl\u0131 \u00e7at\u0131 paneli. Su yal\u0131t\u0131m\u0131, \u0131s\u0131 yal\u0131t\u0131m\u0131 ve uzun \u00f6m\u00fcrl\u00fc kullan\u0131m sunar. End\u00fcstriyel ve ticari \u00e7at\u0131lar i\u00e7in ideal.","breadcrumb":{"@id":"https:\/\/bursadefnemetal.com\/index.php\/urun\/5-hadveli-gizli-vidali-solar-cati-paneli\/#breadcrumb"},"inLanguage":"tr","potentialAction":[{"@type":"ReadAction","target":["https:\/\/bursadefnemetal.com\/index.php\/urun\/5-hadveli-gizli-vidali-solar-cati-paneli\/"]}]},{"@type":"ImageObject","inLanguage":"tr","@id":"https:\/\/bursadefnemetal.com\/index.php\/urun\/5-hadveli-gizli-vidali-solar-cati-paneli\/#primaryimage","url":"https:\/\/bursadefnemetal.com\/wp-content\/uploads\/2025\/07\/mebran-panel-1.jpg","contentUrl":"https:\/\/bursadefnemetal.com\/wp-content\/uploads\/2025\/07\/mebran-panel-1.jpg","width":700,"height":800},{"@type":"BreadcrumbList","@id":"https:\/\/bursadefnemetal.com\/index.php\/urun\/5-hadveli-gizli-vidali-solar-cati-paneli\/#breadcrumb","itemListElement":[{"@type":"ListItem","position":1,"name":"Anasayfa","item":"https:\/\/bursadefnemetal.com\/"},{"@type":"ListItem","position":2,"name":"Shop","item":"https:\/\/bursadefnemetal.com\/index.php\/shop\/"},{"@type":"ListItem","position":3,"name":"5 Hadveli Membranl\u0131 \u00c7at\u0131 Paneli"}]},{"@type":"WebSite","@id":"https:\/\/bursadefnemetal.com\/#website","url":"https:\/\/bursadefnemetal.com\/","name":"Bursa Defne Metal","description":"","potentialAction":[{"@type":"SearchAction","target":{"@type":"EntryPoint","urlTemplate":"https:\/\/bursadefnemetal.com\/?s={search_term_string}"},"query-input":{"@type":"PropertyValueSpecification","valueRequired":true,"valueName":"search_term_string"}}],"inLanguage":"tr"}]}},"_links":{"self":[{"href":"https:\/\/bursadefnemetal.com\/index.php\/wp-json\/wp\/v2\/product\/29257","targetHints":{"allow":["GET"]}}],"collection":[{"href":"https:\/\/bursadefnemetal.com\/index.php\/wp-json\/wp\/v2\/product"}],"about":[{"href":"https:\/\/bursadefnemetal.com\/index.php\/wp-json\/wp\/v2\/types\/product"}],"replies":[{"embeddable":true,"href":"https:\/\/bursadefnemetal.com\/index.php\/wp-json\/wp\/v2\/comments?post=29257"}],"version-history":[{"count":3,"href":"https:\/\/bursadefnemetal.com\/index.php\/wp-json\/wp\/v2\/product\/29257\/revisions"}],"predecessor-version":[{"id":29266,"href":"https:\/\/bursadefnemetal.com\/index.php\/wp-json\/wp\/v2\/product\/29257\/revisions\/29266"}],"wp:featuredmedia":[{"embeddable":true,"href":"https:\/\/bursadefnemetal.com\/index.php\/wp-json\/wp\/v2\/media\/29263"}],"wp:attachment":[{"href":"https:\/\/bursadefnemetal.com\/index.php\/wp-json\/wp\/v2\/media?parent=29257"}],"wp:term":[{"taxonomy":"product_brand","embeddable":true,"href":"https:\/\/bursadefnemetal.com\/index.php\/wp-json\/wp\/v2\/product_brand?post=29257"},{"taxonomy":"product_cat","embeddable":true,"href":"https:\/\/bursadefnemetal.com\/index.php\/wp-json\/wp\/v2\/product_cat?post=29257"},{"taxonomy":"product_tag","embeddable":true,"href":"https:\/\/bursadefnemetal.com\/index.php\/wp-json\/wp\/v2\/product_tag?post=29257"}],"curies":[{"name":"wp","href":"https:\/\/api.w.org\/{rel}","templated":true}]}}