{"id":29622,"date":"2025-08-14T15:04:23","date_gmt":"2025-08-14T12:04:23","guid":{"rendered":"https:\/\/bursadefnemetal.com\/?post_type=product&#038;p=29622"},"modified":"2025-08-14T15:05:51","modified_gmt":"2025-08-14T12:05:51","slug":"npu-profili-u-kesitli-celik-profil","status":"publish","type":"product","link":"https:\/\/bursadefnemetal.com\/index.php\/urun\/npu-profili-u-kesitli-celik-profil\/","title":{"rendered":"NPU Profili \u2013 U Kesitli \u00c7elik Profil"},"content":{"rendered":"\t\t<div data-elementor-type=\"wp-post\" data-elementor-id=\"29622\" class=\"elementor elementor-29622\">\n\t\t\t\t<div class=\"wd-negative-gap elementor-element elementor-element-997cfae e-flex e-con-boxed e-con e-parent\" data-id=\"997cfae\" data-element_type=\"container\">\n\t\t\t\t\t<div class=\"e-con-inner\">\n\t\t<div class=\"elementor-element elementor-element-67d4c92 e-con-full e-flex e-con e-child\" data-id=\"67d4c92\" data-element_type=\"container\">\n\t\t\t\t<div class=\"elementor-element elementor-element-ebb40a2 elementor-widget elementor-widget-wd_text_block\" data-id=\"ebb40a2\" data-element_type=\"widget\" data-widget_type=\"wd_text_block.default\">\n\t\t\t\t<div class=\"elementor-widget-container\">\n\t\t\t\t\t\t\t<div class=\"wd-text-block reset-last-child text-left\">\n\t\t\t\n\t\t\t<h3 data-start=\"232\" data-end=\"259\"><strong data-start=\"239\" data-end=\"259\">Genel \u00d6zellikler<\/strong><\/h3><ul><li data-start=\"528\" data-end=\"562\"><p data-start=\"530\" data-end=\"562\">Dayan\u0131kl\u0131 karbon \u00e7elik malzeme<\/p><\/li><li data-start=\"563\" data-end=\"597\"><p data-start=\"565\" data-end=\"597\">EN standartlar\u0131na uygun \u00fcretim<\/p><\/li><li data-start=\"598\" data-end=\"628\"><p data-start=\"600\" data-end=\"628\">Kaynak ve montaj kolayl\u0131\u011f\u0131<\/p><\/li><li data-start=\"629\" data-end=\"662\"><p data-start=\"631\" data-end=\"662\">Y\u00fcksek mukavemet ve uzun \u00f6m\u00fcr<\/p><\/li><li data-start=\"663\" data-end=\"717\"><p data-start=\"665\" data-end=\"717\">Korozyon korumas\u0131 i\u00e7in galvaniz veya boya se\u00e7ene\u011fi<\/p><\/li><\/ul>\n\t\t\t\t\t<\/div>\n\t\t\t\t\t\t<\/div>\n\t\t\t\t<\/div>\n\t\t\t\t<\/div>\n\t\t<div class=\"elementor-element elementor-element-3fed916 e-con-full e-flex e-con e-child\" data-id=\"3fed916\" data-element_type=\"container\">\n\t\t\t\t<div class=\"elementor-element elementor-element-d6c6ca0 color-scheme-inherit text-left elementor-widget elementor-widget-text-editor\" data-id=\"d6c6ca0\" data-element_type=\"widget\" data-widget_type=\"text-editor.default\">\n\t\t\t\t\t\t\t\t\t<h3 data-start=\"1141\" data-end=\"1169\"><strong data-start=\"1148\" data-end=\"1169\">Kullan\u0131m Alanlar\u0131<\/strong><\/h3><ul><li data-start=\"222\" data-end=\"268\"><p data-start=\"224\" data-end=\"268\">\u00c7elik konstr\u00fcksiyon ve end\u00fcstriyel yap\u0131lar<\/p><\/li><li data-start=\"269\" data-end=\"300\"><p data-start=\"271\" data-end=\"300\">K\u00f6pr\u00fc ve viyad\u00fck in\u015faatlar\u0131<\/p><\/li><li data-start=\"301\" data-end=\"335\"><p data-start=\"303\" data-end=\"335\">A\u011f\u0131r makine ve ekipman imalat\u0131<\/p><\/li><li data-start=\"336\" data-end=\"365\"><p data-start=\"338\" data-end=\"365\">Gemi ve tersane projeleri<\/p><\/li><li data-start=\"366\" data-end=\"394\"><p data-start=\"368\" data-end=\"394\">Depo ve fabrika yap\u0131lar\u0131<\/p><\/li><li data-start=\"395\" data-end=\"430\"><p data-start=\"397\" data-end=\"430\">Rafineriler ve enerji tesisleri<\/p><\/li><\/ul>\t\t\t\t\t\t\t\t<\/div>\n\t\t\t\t<\/div>\n\t\t<div class=\"elementor-element elementor-element-6ef8290 e-con-full e-flex e-con e-child\" data-id=\"6ef8290\" data-element_type=\"container\">\n\t\t\t\t<div class=\"elementor-element elementor-element-b39b441 elementor-widget elementor-widget-wd_text_block\" data-id=\"b39b441\" data-element_type=\"widget\" data-widget_type=\"wd_text_block.default\">\n\t\t\t\t<div class=\"elementor-widget-container\">\n\t\t\t\t\t\t\t<div class=\"wd-text-block reset-last-child text-left\">\n\t\t\t\n\t\t\t<h3 data-start=\"1141\" data-end=\"1169\"><strong data-start=\"1148\" data-end=\"1169\">Teknik Bilgi<\/strong><\/h3><ul><li data-start=\"756\" data-end=\"790\"><p data-start=\"758\" data-end=\"790\"><strong data-start=\"758\" data-end=\"775\">Malzeme T\u00fcr\u00fc:<\/strong> Karbon \u00e7elik<\/p><\/li><li data-start=\"791\" data-end=\"844\"><p data-start=\"793\" data-end=\"844\"><strong data-start=\"793\" data-end=\"809\">Profil Tipi:<\/strong> Geni\u015f ba\u015fl\u0131kl\u0131 \u00e7elik kiri\u015f (HEM)<\/p><\/li><li data-start=\"845\" data-end=\"884\"><p data-start=\"847\" data-end=\"884\"><strong data-start=\"847\" data-end=\"863\">Standartlar:<\/strong> EN 10034, EN 10365<\/p><\/li><li data-start=\"885\" data-end=\"918\"><p data-start=\"887\" data-end=\"918\"><strong data-start=\"887\" data-end=\"898\">\u00dcretim:<\/strong> S\u0131cak haddelenmi\u015f<\/p><\/li><li data-start=\"919\" data-end=\"969\"><p data-start=\"921\" data-end=\"969\"><strong data-start=\"921\" data-end=\"937\">Y\u00fczey \u0130\u015flem:<\/strong> Siyah, galvanizli veya boyal\u0131<\/p><\/li><li data-start=\"970\" data-end=\"1031\"><p data-start=\"972\" data-end=\"1031\"><strong data-start=\"972\" data-end=\"990\">Kullan\u0131m \u00d6mr\u00fc:<\/strong> Y\u00fcksek dayan\u0131m, a\u011f\u0131r y\u00fckler i\u00e7in ideal<\/p><\/li><\/ul>\n\t\t\t\t\t<\/div>\n\t\t\t\t\t\t<\/div>\n\t\t\t\t<\/div>\n\t\t\t\t<\/div>\n\t\t\t\t\t<\/div>\n\t\t\t\t<\/div>\n\t\t\t\t<\/div>\n\t\t","protected":false},"excerpt":{"rendered":"<p style=\"color: red;\">Bu \u00fcr\u00fcn ma\u011fazam\u0131zda sat\u0131lmaktad\u0131r. Fiyat bilgisi i\u00e7in teklif isteyiniz.<\/p>\n","protected":false},"featured_media":29623,"comment_status":"open","ping_status":"closed","template":"","meta":[],"product_brand":[],"product_cat":[93,94],"product_tag":[],"class_list":{"0":"post-29622","1":"product","2":"type-product","3":"status-publish","4":"has-post-thumbnail","6":"product_cat-demir-ve-celik-grubu","7":"product_cat-profiller","9":"first","10":"instock","11":"shipping-taxable","12":"product-type-simple"},"yoast_head":"<!-- This site is optimized with the Yoast SEO plugin v25.7 - https:\/\/yoast.com\/wordpress\/plugins\/seo\/ -->\n<title>NPU Profili \u2013 U Kesitli \u00c7elik Profil - Bursa Defne Metal<\/title>\n<meta name=\"description\" content=\"NPU profili, y\u00fcksek ta\u015f\u0131ma kapasiteli \u00e7elik kiri\u015flerdir. A\u011f\u0131r y\u00fck ve end\u00fcstriyel yap\u0131 projelerinde g\u00fcvenle kullan\u0131l\u0131r\" \/>\n<meta name=\"robots\" content=\"index, follow, max-snippet:-1, max-image-preview:large, max-video-preview:-1\" \/>\n<link rel=\"canonical\" href=\"https:\/\/bursadefnemetal.com\/index.php\/urun\/npu-profili-u-kesitli-celik-profil\/\" \/>\n<meta property=\"og:locale\" content=\"tr_TR\" \/>\n<meta property=\"og:type\" content=\"article\" \/>\n<meta property=\"og:title\" content=\"NPU Profili \u2013 U Kesitli \u00c7elik Profil - Bursa Defne Metal\" \/>\n<meta property=\"og:description\" content=\"NPU profili, y\u00fcksek ta\u015f\u0131ma kapasiteli \u00e7elik kiri\u015flerdir. A\u011f\u0131r y\u00fck ve end\u00fcstriyel yap\u0131 projelerinde g\u00fcvenle kullan\u0131l\u0131r\" \/>\n<meta property=\"og:url\" content=\"https:\/\/bursadefnemetal.com\/index.php\/urun\/npu-profili-u-kesitli-celik-profil\/\" \/>\n<meta property=\"og:site_name\" content=\"Bursa Defne Metal\" \/>\n<meta property=\"article:modified_time\" content=\"2025-08-14T12:05:51+00:00\" \/>\n<meta property=\"og:image\" content=\"https:\/\/bursadefnemetal.com\/wp-content\/uploads\/2025\/08\/NPU-PROFIL.jpg\" \/>\n\t<meta property=\"og:image:width\" content=\"700\" \/>\n\t<meta property=\"og:image:height\" content=\"800\" \/>\n\t<meta property=\"og:image:type\" content=\"image\/jpeg\" \/>\n<meta name=\"twitter:card\" content=\"summary_large_image\" \/>\n<meta name=\"twitter:label1\" content=\"Tahmini okuma s\u00fcresi\" \/>\n\t<meta name=\"twitter:data1\" content=\"1 dakika\" \/>\n<script type=\"application\/ld+json\" class=\"yoast-schema-graph\">{\"@context\":\"https:\/\/schema.org\",\"@graph\":[{\"@type\":\"WebPage\",\"@id\":\"https:\/\/bursadefnemetal.com\/index.php\/urun\/npu-profili-u-kesitli-celik-profil\/\",\"url\":\"https:\/\/bursadefnemetal.com\/index.php\/urun\/npu-profili-u-kesitli-celik-profil\/\",\"name\":\"NPU Profili \u2013 U Kesitli \u00c7elik Profil - Bursa Defne Metal\",\"isPartOf\":{\"@id\":\"https:\/\/bursadefnemetal.com\/#website\"},\"primaryImageOfPage\":{\"@id\":\"https:\/\/bursadefnemetal.com\/index.php\/urun\/npu-profili-u-kesitli-celik-profil\/#primaryimage\"},\"image\":{\"@id\":\"https:\/\/bursadefnemetal.com\/index.php\/urun\/npu-profili-u-kesitli-celik-profil\/#primaryimage\"},\"thumbnailUrl\":\"https:\/\/bursadefnemetal.com\/wp-content\/uploads\/2025\/08\/NPU-PROFIL.jpg\",\"datePublished\":\"2025-08-14T12:04:23+00:00\",\"dateModified\":\"2025-08-14T12:05:51+00:00\",\"description\":\"NPU profili, y\u00fcksek ta\u015f\u0131ma kapasiteli \u00e7elik kiri\u015flerdir. A\u011f\u0131r y\u00fck ve end\u00fcstriyel yap\u0131 projelerinde g\u00fcvenle kullan\u0131l\u0131r\",\"breadcrumb\":{\"@id\":\"https:\/\/bursadefnemetal.com\/index.php\/urun\/npu-profili-u-kesitli-celik-profil\/#breadcrumb\"},\"inLanguage\":\"tr\",\"potentialAction\":[{\"@type\":\"ReadAction\",\"target\":[\"https:\/\/bursadefnemetal.com\/index.php\/urun\/npu-profili-u-kesitli-celik-profil\/\"]}]},{\"@type\":\"ImageObject\",\"inLanguage\":\"tr\",\"@id\":\"https:\/\/bursadefnemetal.com\/index.php\/urun\/npu-profili-u-kesitli-celik-profil\/#primaryimage\",\"url\":\"https:\/\/bursadefnemetal.com\/wp-content\/uploads\/2025\/08\/NPU-PROFIL.jpg\",\"contentUrl\":\"https:\/\/bursadefnemetal.com\/wp-content\/uploads\/2025\/08\/NPU-PROFIL.jpg\",\"width\":700,\"height\":800},{\"@type\":\"BreadcrumbList\",\"@id\":\"https:\/\/bursadefnemetal.com\/index.php\/urun\/npu-profili-u-kesitli-celik-profil\/#breadcrumb\",\"itemListElement\":[{\"@type\":\"ListItem\",\"position\":1,\"name\":\"Anasayfa\",\"item\":\"https:\/\/bursadefnemetal.com\/\"},{\"@type\":\"ListItem\",\"position\":2,\"name\":\"Shop\",\"item\":\"https:\/\/bursadefnemetal.com\/index.php\/shop\/\"},{\"@type\":\"ListItem\",\"position\":3,\"name\":\"NPU Profili \u2013 U Kesitli \u00c7elik Profil\"}]},{\"@type\":\"WebSite\",\"@id\":\"https:\/\/bursadefnemetal.com\/#website\",\"url\":\"https:\/\/bursadefnemetal.com\/\",\"name\":\"Bursa Defne Metal\",\"description\":\"\",\"potentialAction\":[{\"@type\":\"SearchAction\",\"target\":{\"@type\":\"EntryPoint\",\"urlTemplate\":\"https:\/\/bursadefnemetal.com\/?s={search_term_string}\"},\"query-input\":{\"@type\":\"PropertyValueSpecification\",\"valueRequired\":true,\"valueName\":\"search_term_string\"}}],\"inLanguage\":\"tr\"}]}<\/script>\n<!-- \/ Yoast SEO plugin. -->","yoast_head_json":{"title":"NPU Profili \u2013 U Kesitli \u00c7elik Profil - Bursa Defne Metal","description":"NPU profili, y\u00fcksek ta\u015f\u0131ma kapasiteli \u00e7elik kiri\u015flerdir. A\u011f\u0131r y\u00fck ve end\u00fcstriyel yap\u0131 projelerinde g\u00fcvenle kullan\u0131l\u0131r","robots":{"index":"index","follow":"follow","max-snippet":"max-snippet:-1","max-image-preview":"max-image-preview:large","max-video-preview":"max-video-preview:-1"},"canonical":"https:\/\/bursadefnemetal.com\/index.php\/urun\/npu-profili-u-kesitli-celik-profil\/","og_locale":"tr_TR","og_type":"article","og_title":"NPU Profili \u2013 U Kesitli \u00c7elik Profil - Bursa Defne Metal","og_description":"NPU profili, y\u00fcksek ta\u015f\u0131ma kapasiteli \u00e7elik kiri\u015flerdir. A\u011f\u0131r y\u00fck ve end\u00fcstriyel yap\u0131 projelerinde g\u00fcvenle kullan\u0131l\u0131r","og_url":"https:\/\/bursadefnemetal.com\/index.php\/urun\/npu-profili-u-kesitli-celik-profil\/","og_site_name":"Bursa Defne Metal","article_modified_time":"2025-08-14T12:05:51+00:00","og_image":[{"width":700,"height":800,"url":"https:\/\/bursadefnemetal.com\/wp-content\/uploads\/2025\/08\/NPU-PROFIL.jpg","type":"image\/jpeg"}],"twitter_card":"summary_large_image","twitter_misc":{"Tahmini okuma s\u00fcresi":"1 dakika"},"schema":{"@context":"https:\/\/schema.org","@graph":[{"@type":"WebPage","@id":"https:\/\/bursadefnemetal.com\/index.php\/urun\/npu-profili-u-kesitli-celik-profil\/","url":"https:\/\/bursadefnemetal.com\/index.php\/urun\/npu-profili-u-kesitli-celik-profil\/","name":"NPU Profili \u2013 U Kesitli \u00c7elik Profil - Bursa Defne Metal","isPartOf":{"@id":"https:\/\/bursadefnemetal.com\/#website"},"primaryImageOfPage":{"@id":"https:\/\/bursadefnemetal.com\/index.php\/urun\/npu-profili-u-kesitli-celik-profil\/#primaryimage"},"image":{"@id":"https:\/\/bursadefnemetal.com\/index.php\/urun\/npu-profili-u-kesitli-celik-profil\/#primaryimage"},"thumbnailUrl":"https:\/\/bursadefnemetal.com\/wp-content\/uploads\/2025\/08\/NPU-PROFIL.jpg","datePublished":"2025-08-14T12:04:23+00:00","dateModified":"2025-08-14T12:05:51+00:00","description":"NPU profili, y\u00fcksek ta\u015f\u0131ma kapasiteli \u00e7elik kiri\u015flerdir. A\u011f\u0131r y\u00fck ve end\u00fcstriyel yap\u0131 projelerinde g\u00fcvenle kullan\u0131l\u0131r","breadcrumb":{"@id":"https:\/\/bursadefnemetal.com\/index.php\/urun\/npu-profili-u-kesitli-celik-profil\/#breadcrumb"},"inLanguage":"tr","potentialAction":[{"@type":"ReadAction","target":["https:\/\/bursadefnemetal.com\/index.php\/urun\/npu-profili-u-kesitli-celik-profil\/"]}]},{"@type":"ImageObject","inLanguage":"tr","@id":"https:\/\/bursadefnemetal.com\/index.php\/urun\/npu-profili-u-kesitli-celik-profil\/#primaryimage","url":"https:\/\/bursadefnemetal.com\/wp-content\/uploads\/2025\/08\/NPU-PROFIL.jpg","contentUrl":"https:\/\/bursadefnemetal.com\/wp-content\/uploads\/2025\/08\/NPU-PROFIL.jpg","width":700,"height":800},{"@type":"BreadcrumbList","@id":"https:\/\/bursadefnemetal.com\/index.php\/urun\/npu-profili-u-kesitli-celik-profil\/#breadcrumb","itemListElement":[{"@type":"ListItem","position":1,"name":"Anasayfa","item":"https:\/\/bursadefnemetal.com\/"},{"@type":"ListItem","position":2,"name":"Shop","item":"https:\/\/bursadefnemetal.com\/index.php\/shop\/"},{"@type":"ListItem","position":3,"name":"NPU Profili \u2013 U Kesitli \u00c7elik Profil"}]},{"@type":"WebSite","@id":"https:\/\/bursadefnemetal.com\/#website","url":"https:\/\/bursadefnemetal.com\/","name":"Bursa Defne Metal","description":"","potentialAction":[{"@type":"SearchAction","target":{"@type":"EntryPoint","urlTemplate":"https:\/\/bursadefnemetal.com\/?s={search_term_string}"},"query-input":{"@type":"PropertyValueSpecification","valueRequired":true,"valueName":"search_term_string"}}],"inLanguage":"tr"}]}},"_links":{"self":[{"href":"https:\/\/bursadefnemetal.com\/index.php\/wp-json\/wp\/v2\/product\/29622","targetHints":{"allow":["GET"]}}],"collection":[{"href":"https:\/\/bursadefnemetal.com\/index.php\/wp-json\/wp\/v2\/product"}],"about":[{"href":"https:\/\/bursadefnemetal.com\/index.php\/wp-json\/wp\/v2\/types\/product"}],"replies":[{"embeddable":true,"href":"https:\/\/bursadefnemetal.com\/index.php\/wp-json\/wp\/v2\/comments?post=29622"}],"version-history":[{"count":1,"href":"https:\/\/bursadefnemetal.com\/index.php\/wp-json\/wp\/v2\/product\/29622\/revisions"}],"predecessor-version":[{"id":29624,"href":"https:\/\/bursadefnemetal.com\/index.php\/wp-json\/wp\/v2\/product\/29622\/revisions\/29624"}],"wp:featuredmedia":[{"embeddable":true,"href":"https:\/\/bursadefnemetal.com\/index.php\/wp-json\/wp\/v2\/media\/29623"}],"wp:attachment":[{"href":"https:\/\/bursadefnemetal.com\/index.php\/wp-json\/wp\/v2\/media?parent=29622"}],"wp:term":[{"taxonomy":"product_brand","embeddable":true,"href":"https:\/\/bursadefnemetal.com\/index.php\/wp-json\/wp\/v2\/product_brand?post=29622"},{"taxonomy":"product_cat","embeddable":true,"href":"https:\/\/bursadefnemetal.com\/index.php\/wp-json\/wp\/v2\/product_cat?post=29622"},{"taxonomy":"product_tag","embeddable":true,"href":"https:\/\/bursadefnemetal.com\/index.php\/wp-json\/wp\/v2\/product_tag?post=29622"}],"curies":[{"name":"wp","href":"https:\/\/api.w.org\/{rel}","templated":true}]}}